{"id":116,"date":"2014-02-27T10:51:57","date_gmt":"2014-02-27T09:51:57","guid":{"rendered":"http:\/\/www2.montes.upm.es\/ArboretoMontes\/?page_id=116"},"modified":"2023-09-10T15:51:38","modified_gmt":"2023-09-10T14:51:38","slug":"itinerarios-por-el-arboreto","status":"publish","type":"page","link":"https:\/\/www2.montes.upm.es\/ArboretoMontes\/index.php\/informacion-general\/itinerarios-por-el-arboreto\/","title":{"rendered":"Itinerarios por el Arboreto"},"content":{"rendered":"\n<p>Con el objeto de mostrar los valores que alberga el Arboreto a trav\u00e9s de las peculiaridades de algunos ejemplares y de la inclusi\u00f3n de diferentes escenas &nbsp;de su paisaje, se dise\u00f1aron dos itinerarios (senda naranja y senda amarilla en el plano).<\/p>\n\n\n\n<figure class=\"wp-block-image size-large\"><a href=\"http:\/\/www2.montes.upm.es\/ArboretoMontes\/wp-content\/uploads\/2014\/02\/Plano-Itinerarios.jpg\"><img decoding=\"async\" loading=\"lazy\" width=\"1024\" height=\"723\" src=\"http:\/\/www2.montes.upm.es\/ArboretoMontes\/wp-content\/uploads\/2014\/02\/Plano-Itinerarios-1024x723.jpg\" alt=\"\" class=\"wp-image-444\" srcset=\"https:\/\/www2.montes.upm.es\/ArboretoMontes\/wp-content\/uploads\/2014\/02\/Plano-Itinerarios-1024x723.jpg 1024w, https:\/\/www2.montes.upm.es\/ArboretoMontes\/wp-content\/uploads\/2014\/02\/Plano-Itinerarios-300x212.jpg 300w\" sizes=\"(max-width: 1024px) 100vw, 1024px\" \/><\/a><\/figure>\n\n\n\n<div class=\"wp-block-media-text alignwide has-media-on-the-right is-stacked-on-mobile\"><div class=\"wp-block-media-text__content\">\n<p class=\"has-text-align-left\">Los itinerarios son alternativos y el tiempo que se pueda dedicar es el que quiera cada observador. En cada uno, su paisaje es cambiante, y las aves que alberga este entorno tambi\u00e9n cambian con las estaciones; cada \u00e9poca del a\u00f1o tiene su atractivo.<\/p>\n<\/div><figure class=\"wp-block-media-text__media\"><img decoding=\"async\" loading=\"lazy\" width=\"1024\" height=\"768\" src=\"http:\/\/www2.montes.upm.es\/ArboretoMontes\/wp-content\/uploads\/2014\/02\/11-enero-2010-26-1024x768.jpg\" alt=\"\" class=\"wp-image-1441 size-full\" srcset=\"https:\/\/www2.montes.upm.es\/ArboretoMontes\/wp-content\/uploads\/2014\/02\/11-enero-2010-26-1024x768.jpg 1024w, https:\/\/www2.montes.upm.es\/ArboretoMontes\/wp-content\/uploads\/2014\/02\/11-enero-2010-26-300x225.jpg 300w\" sizes=\"(max-width: 1024px) 100vw, 1024px\" \/><\/figure><\/div>\n\n\n\n<div class=\"wp-block-media-text alignwide is-stacked-on-mobile\" style=\"grid-template-columns:33% auto\"><figure class=\"wp-block-media-text__media\"><img decoding=\"async\" loading=\"lazy\" width=\"787\" height=\"1024\" src=\"http:\/\/www2.montes.upm.es\/ArboretoMontes\/wp-content\/uploads\/2014\/02\/GUiA-787x1024.jpg\" alt=\"\" class=\"wp-image-969 size-full\" srcset=\"https:\/\/www2.montes.upm.es\/ArboretoMontes\/wp-content\/uploads\/2014\/02\/GUiA-787x1024.jpg 787w, https:\/\/www2.montes.upm.es\/ArboretoMontes\/wp-content\/uploads\/2014\/02\/GUiA-230x300.jpg 230w, https:\/\/www2.montes.upm.es\/ArboretoMontes\/wp-content\/uploads\/2014\/02\/GUiA.jpg 1116w\" sizes=\"(max-width: 787px) 100vw, 787px\" \/><\/figure><div class=\"wp-block-media-text__content\">\n<p>En el siguiente enlace podr\u00e1s encontrar la gu\u00eda descriptiva de las sendas como apoyo y orientaci\u00f3n en la visita.<\/p>\n\n\n\n<p><a rel=\"noreferrer noopener\" href=\"http:\/\/www.montes.upm.es\/sfs\/E.T.S.I.%20Montes\/Sub.%20Asuntos%20Economicos%20y%20Patrimonio\/Arboreto\/Itinerarios.pdf\" target=\"_blank\">PINCHE PARA DESCARGARLA<\/a>&nbsp;&nbsp;<\/p>\n<\/div><\/div>\n\n\n\n<div class=\"wp-block-media-text alignwide has-media-on-the-right is-stacked-on-mobile\" style=\"grid-template-columns:auto 32%\"><div class=\"wp-block-media-text__content\">\n<p>Las  dos sendas est\u00e1n se\u00f1alizadas con balizas de color que indican la direcci\u00f3n a seguir. En distintos puntos del recorrido se encuentran atriles con informaci\u00f3n que facilitar\u00e1  al observador la comprensi\u00f3n de todas estas zonas calificadas de inter\u00e9s.<\/p>\n<\/div><figure class=\"wp-block-media-text__media\"><img decoding=\"async\" loading=\"lazy\" width=\"602\" height=\"643\" src=\"http:\/\/www2.montes.upm.es\/ArboretoMontes\/wp-content\/uploads\/2014\/02\/balizas.jpg\" alt=\"\" class=\"wp-image-962 size-full\" srcset=\"https:\/\/www2.montes.upm.es\/ArboretoMontes\/wp-content\/uploads\/2014\/02\/balizas.jpg 602w, https:\/\/www2.montes.upm.es\/ArboretoMontes\/wp-content\/uploads\/2014\/02\/balizas-280x300.jpg 280w\" sizes=\"(max-width: 602px) 100vw, 602px\" \/><\/figure><\/div>\n","protected":false},"excerpt":{"rendered":"<p>Con el objeto de mostrar los valores que alberga el Arboreto a trav\u00e9s de las peculiaridades de algunos ejemplares y de la inclusi\u00f3n de diferentes escenas [&#8230;]<\/p>\n","protected":false},"author":1,"featured_media":0,"parent":77,"menu_order":0,"comment_status":"closed","ping_status":"closed","template":"","meta":[],"_links":{"self":[{"href":"https:\/\/www2.montes.upm.es\/ArboretoMontes\/index.php\/wp-json\/wp\/v2\/pages\/116"}],"collection":[{"href":"https:\/\/www2.montes.upm.es\/ArboretoMontes\/index.php\/wp-json\/wp\/v2\/pages"}],"about":[{"href":"https:\/\/www2.montes.upm.es\/ArboretoMontes\/index.php\/wp-json\/wp\/v2\/types\/page"}],"author":[{"embeddable":true,"href":"https:\/\/www2.montes.upm.es\/ArboretoMontes\/index.php\/wp-json\/wp\/v2\/users\/1"}],"replies":[{"embeddable":true,"href":"https:\/\/www2.montes.upm.es\/ArboretoMontes\/index.php\/wp-json\/wp\/v2\/comments?post=116"}],"version-history":[{"count":21,"href":"https:\/\/www2.montes.upm.es\/ArboretoMontes\/index.php\/wp-json\/wp\/v2\/pages\/116\/revisions"}],"predecessor-version":[{"id":1957,"href":"https:\/\/www2.montes.upm.es\/ArboretoMontes\/index.php\/wp-json\/wp\/v2\/pages\/116\/revisions\/1957"}],"up":[{"embeddable":true,"href":"https:\/\/www2.montes.upm.es\/ArboretoMontes\/index.php\/wp-json\/wp\/v2\/pages\/77"}],"wp:attachment":[{"href":"https:\/\/www2.montes.upm.es\/ArboretoMontes\/index.php\/wp-json\/wp\/v2\/media?parent=116"}],"curies":[{"name":"wp","href":"https:\/\/api.w.org\/{rel}","templated":true}]}}