{"id":368,"date":"2014-04-22T14:14:06","date_gmt":"2014-04-22T13:14:06","guid":{"rendered":"http:\/\/www2.montes.upm.es\/ArboretoMontes\/?page_id=368"},"modified":"2014-04-22T14:14:06","modified_gmt":"2014-04-22T13:14:06","slug":"geocaching-primer","status":"publish","type":"page","link":"https:\/\/www2.montes.upm.es\/ArboretoMontes\/index.php\/geocaching-primer\/","title":{"rendered":"Geocaching (Primer)"},"content":{"rendered":"<h1><strong>EL PR\u00d3XIMO 20 DE MARZO SE CELEBRA EL PRIMER GEOCACHING DEL ARBORETO DE LA ESCUELA DE MONTES<\/strong><\/h1>\n<p>&nbsp;<\/p>\n<h2>\u00a0<strong><span style=\"color: #008000;\">\u00bfTe gustar\u00eda participar?<a href=\"http:\/\/www2.montes.upm.es\/ArboretoMontes\/wp-content\/uploads\/2014\/02\/geocaching.jpg\"><img decoding=\"async\" loading=\"lazy\" class=\"alignright size-full wp-image-197\" alt=\"geocaching\" src=\"http:\/\/www2.montes.upm.es\/ArboretoMontes\/wp-content\/uploads\/2014\/02\/geocaching.jpg\" width=\"1500\" height=\"515\" srcset=\"https:\/\/www2.montes.upm.es\/ArboretoMontes\/wp-content\/uploads\/2014\/02\/geocaching.jpg 1500w, https:\/\/www2.montes.upm.es\/ArboretoMontes\/wp-content\/uploads\/2014\/02\/geocaching-300x103.jpg 300w, https:\/\/www2.montes.upm.es\/ArboretoMontes\/wp-content\/uploads\/2014\/02\/geocaching-1024x351.jpg 1024w\" sizes=\"(max-width: 1500px) 100vw, 1500px\" \/><\/a><\/span><\/strong><\/h2>\n<p>&nbsp;<\/p>\n<p><span style=\"font-size: large;\"><strong><span style=\"color: #99cc00;\">\u00bfQu\u00e9 es?<\/span><\/strong><\/span><\/p>\n<p><span style=\"font-size: large;\">El geocaching es un juego de orientaci\u00f3n, en el que se buscan tesoros usando dispositivos GPS.<\/span><\/p>\n<p><span style=\"font-size: large;\">Los participantes han de guiarse con la ayuda de un GPS o un tel\u00e9fono m\u00f3vil para encontrar unas coordenadas. En el entorno del lugar indicado por las coordenadas se esconde el geocach\u00e9, un contenedor en el que se encuentra el \u201ctesoro\u201d.<\/span><\/p>\n<p><span style=\"font-size: large;\">El geocaching que se propone consta de varias localizaciones encadenadas, pues en cada contenedor encontrar\u00e1s las pistas que te ayudan a descubrir el siguiente geocach\u00e9. En la \u00faltima caja encontrar\u00e1s el tesoro y podr\u00e1s resolver el acertijo final.<\/span><\/p>\n<p><span style=\"font-size: large;\">Los acertijos y la informaci\u00f3n ofrecida tratan sobre las funciones y particularidades de un arboreto en cuesti\u00f3n. Gracias a este juego de orientaci\u00f3n podr\u00e1s conocer mejor sus caracter\u00edsticas, y acercarte a la ciencia y la t\u00e9cnica forestal mientras recorres el Arboreto de la Escuela de Montes.<\/span><\/p>\n<p>&nbsp;<\/p>\n<p><span style=\"color: #99cc00; font-size: large;\"><b>\u00bfQu\u00e9 se necesita?<\/b><\/span><\/p>\n<p><span style=\"font-size: large;\">Un GPS o un dispositivo m\u00f3vil en el que puedas visualizar las coordenadas.<\/span><\/p>\n<p>&nbsp;<\/p>\n<p><span style=\"color: #99cc00; font-size: large;\"><b>\u00bfC\u00f3mo se juega?<\/b><\/span><\/p>\n<ol>\n<li><span style=\"font-size: large;\">Ap\u00fantate: rellena el formulario de inscripci\u00f3n que encontrar\u00e1s debajo de estas l\u00edneas.<\/span><\/li>\n<li><span style=\"font-size: large;\">Descarga el archivo <a href=\"http:\/\/www2.montes.upm.es\/ArboretoMontes\/wp-content\/uploads\/2014\/03\/GEOCACHING.ppsx\">GEOCACHING<\/a>, resuelve los primeros acertijos y descubre de qu\u00e9 Arboreto se est\u00e1 hablando.<\/span><\/li>\n<li><span style=\"font-size: large;\">Debajo de estas l\u00edneas encontrar\u00e1s una pregunta: \u00bfDe qu\u00e9 Arboreto hablamos?. Env\u00edanos la respuesta y si has acertado recibir\u00e1s en tu correo las coordenadas que deber\u00e1s introducir en tu dispositivo GPS o m\u00f3vil.<\/span><\/li>\n<li><span style=\"font-size: large;\">Visita el arboreto de Montes en la fecha y el lugar indicado y descubre los geocach\u00e9s escondidos con la ayuda de tu GPS.<\/span><\/li>\n<li><span style=\"font-size: large;\">Cada vez que encuentres un geocach\u00e9 tendr\u00e1s que apuntar tu nombre en el registro que encontrar\u00e1s, para dejar constancia de tu paso. Deja el geocach\u00e9 tal y como te lo encontraste.<\/span><\/li>\n<li><span style=\"font-size: large;\">En el \u00faltimo geocach\u00e9 encontrar\u00e1s el tesoro y el acertijo final: busca las coordenadas en Google Earth o Google Maps y m\u00e1ndanos un mail a <span style=\"color: #0000ff;\">arboreto.montes@gmail.com<\/span> con la respuesta para que te enviemos el certificado de haber completado el Geocaching. El primero que complete el juego recibir\u00e1 un tesoro especial.<\/span><\/li>\n<li><span style=\"font-size: large;\">Cu\u00e9ntanos tu experiencia en el apartado de comentarios que encontrar\u00e1s al final de esta p\u00e1gina.<\/span><\/li>\n<\/ol>\n<p>&nbsp;<\/p>\n<p><span style=\"font-size: large; color: #99cc00;\"><b>\u00bfQui\u00e9n puede participar?<\/b><\/span><\/p>\n<p><span style=\"font-size: large;\">Esta actividad est\u00e1 orientada al p\u00fablico en general. Por motivos de espacio y tiempo, el geocaching tiene un n\u00famero de plazas limitadas, que se\u00a0adjudicar\u00e1n por orden de inscripci\u00f3n. Los participantes\u00a0se agrupar\u00e1n en grupos para formar equipos.\u00a0<\/span><\/p>\n<p>&nbsp;<\/p>\n<p>&nbsp;<\/p>\n<p><span style=\"font-size: large;\"><strong><span style=\"color: #000000;\">\u00bfQuieres participar en el Geocaching que se celebrar\u00e1 el 20 de Marzo en la E.T.S.I. de Montes a las 12:00h?<\/span><\/strong><\/span><\/p>\n<p><span style=\"font-size: large;\"><strong><span style=\"color: #000000;\">Para inscripciones o consultas, rellena el \u00a0siguiente formulario:<\/span><\/strong><\/span><\/p>\n<p>[contact-form-7 id=&#8221;159&#8243; title=&#8221;Participa en el Geocaching&#8221;]<\/p>\n<p>&nbsp;<\/p>\n<p><strong><span style=\"font-size: large;\">\u00a0\u00bfTienes la soluci\u00f3n?<\/span> <span style=\"font-size: large;\">Contesta la pregunta y podr\u00e1s pasar a la segunda fase, &#8220;Geocaching en el Arboreto&#8221;.<\/span><\/strong><\/p>\n<p>[contact-form-7 id=&#8221;212&#8243; title=&#8221;\u00bfDe qu\u00e9 Arboreto hablamos?&#8221;]<\/p>\n","protected":false},"excerpt":{"rendered":"<p>EL PR\u00d3XIMO 20 DE MARZO SE CELEBRA EL PRIMER GEOCACHING DEL ARBORETO DE LA ESCUELA DE MONTES &nbsp; \u00a0\u00bfTe gustar\u00eda participar? &nbsp; \u00bfQu\u00e9 es? El geocaching [&#8230;]<\/p>\n","protected":false},"author":1,"featured_media":0,"parent":0,"menu_order":2,"comment_status":"open","ping_status":"closed","template":"nosidebar-page.php","meta":[],"_links":{"self":[{"href":"https:\/\/www2.montes.upm.es\/ArboretoMontes\/index.php\/wp-json\/wp\/v2\/pages\/368"}],"collection":[{"href":"https:\/\/www2.montes.upm.es\/ArboretoMontes\/index.php\/wp-json\/wp\/v2\/pages"}],"about":[{"href":"https:\/\/www2.montes.upm.es\/ArboretoMontes\/index.php\/wp-json\/wp\/v2\/types\/page"}],"author":[{"embeddable":true,"href":"https:\/\/www2.montes.upm.es\/ArboretoMontes\/index.php\/wp-json\/wp\/v2\/users\/1"}],"replies":[{"embeddable":true,"href":"https:\/\/www2.montes.upm.es\/ArboretoMontes\/index.php\/wp-json\/wp\/v2\/comments?post=368"}],"version-history":[{"count":1,"href":"https:\/\/www2.montes.upm.es\/ArboretoMontes\/index.php\/wp-json\/wp\/v2\/pages\/368\/revisions"}],"predecessor-version":[{"id":371,"href":"https:\/\/www2.montes.upm.es\/ArboretoMontes\/index.php\/wp-json\/wp\/v2\/pages\/368\/revisions\/371"}],"wp:attachment":[{"href":"https:\/\/www2.montes.upm.es\/ArboretoMontes\/index.php\/wp-json\/wp\/v2\/media?parent=368"}],"curies":[{"name":"wp","href":"https:\/\/api.w.org\/{rel}","templated":true}]}}