{"id":479,"date":"2014-10-26T18:23:07","date_gmt":"2014-10-26T17:23:07","guid":{"rendered":"http:\/\/www2.montes.upm.es\/ArboretoMontes\/?page_id=479"},"modified":"2014-11-12T01:46:47","modified_gmt":"2014-11-12T00:46:47","slug":"la-huella-de-carbono","status":"publish","type":"page","link":"https:\/\/www2.montes.upm.es\/ArboretoMontes\/index.php\/la-huella-de-carbono\/","title":{"rendered":"La Huella de Carbono"},"content":{"rendered":"<p style=\"text-align: justify;\"><img decoding=\"async\" loading=\"lazy\" class=\"aligncenter size-full wp-image-885\" alt=\"Cabez-HUELLA\" src=\"http:\/\/www2.montes.upm.es\/ArboretoMontes\/wp-content\/uploads\/2014\/10\/Cabez-HUELLA.jpg\" width=\"1000\" height=\"204\" srcset=\"https:\/\/www2.montes.upm.es\/ArboretoMontes\/wp-content\/uploads\/2014\/10\/Cabez-HUELLA.jpg 1000w, https:\/\/www2.montes.upm.es\/ArboretoMontes\/wp-content\/uploads\/2014\/10\/Cabez-HUELLA-300x61.jpg 300w\" sizes=\"(max-width: 1000px) 100vw, 1000px\" \/><\/p>\n<p style=\"text-align: justify;\"><span style=\"font-size: large; font-family: verdana, geneva; color: #7b9353;\"><strong>La huella de carbono de un Centro UPM medida por primera vez en el a\u00f1o 2010<\/strong><\/span><\/p>\n<figure id=\"attachment_489\" aria-describedby=\"caption-attachment-489\" style=\"width: 392px\" class=\"wp-caption alignright\"><a href=\"http:\/\/www.carbonfeel.org\/Carbonfeel\/BubbleFeel\/Huellas\/BubbleFeelHTML\/BubbleFeel_1.html#\/~\/100-0--educaci-n-universitaria\" target=\"_blank\"><img decoding=\"async\" loading=\"lazy\" class=\" wp-image-489  \" style=\"border: 0px;\" alt=\"Visita a la plataforma que muestra el resultado de forma din\u00e1mica\" src=\"http:\/\/www2.montes.upm.es\/ArboretoMontes\/wp-content\/uploads\/2014\/10\/esquema-huella-1024x991.png\" width=\"392\" height=\"379\" srcset=\"https:\/\/www2.montes.upm.es\/ArboretoMontes\/wp-content\/uploads\/2014\/10\/esquema-huella-1024x991.png 1024w, https:\/\/www2.montes.upm.es\/ArboretoMontes\/wp-content\/uploads\/2014\/10\/esquema-huella-300x290.png 300w, https:\/\/www2.montes.upm.es\/ArboretoMontes\/wp-content\/uploads\/2014\/10\/esquema-huella.png 1612w\" sizes=\"(max-width: 392px) 100vw, 392px\" \/><\/a><figcaption id=\"caption-attachment-489\" class=\"wp-caption-text\"><span style=\"color: #888888;\"><em><span style=\"font-family: verdana, geneva; font-size: x-small;\">Visita a la plataforma que muestra el resultado de forma din\u00e1mica<\/span><\/em><\/span><\/figcaption><\/figure>\n<p style=\"text-align: justify;\"><span style=\"font-family: verdana, geneva; font-size: small;\">La Huella de Carbono se conoce como la totalidad de gases de efecto invernadero emitidos por efecto directo e indirecto de un individuo, organizaci\u00f3n, evento o producto. Es uno de los indicadores del potencial contaminante de un centro y un instrumento fundamental para dise\u00f1ar una estrategia de sostenibilidad medioambiental en una instituci\u00f3n.<\/span><\/p>\n<p style=\"text-align: justify;\"><span style=\"font-family: verdana, geneva; font-size: small;\">En el marco de un proyecto de investigaci\u00f3n, los expertos calcularon por primera vez el valor de la huella para el total de la ETSI de Montes e individualmente para cada uno de sus departamentos.<\/span><\/p>\n<p style=\"text-align: justify;\"><span style=\"font-family: verdana, geneva; font-size: small;\">El objetivo fundamental del proyecto era averiguar el grado de sostenibilidad del Centro y comprobar c\u00f3mo el impacto de nuestro modo de vida se refleja en t\u00e9rminos de toneladas de CO2 emitidas a la atm\u00f3sfera, y en hect\u00e1reas bioproductivas necesarias para satisfacer las necesidades diarias de un individuo.<\/span><\/p>\n<p style=\"text-align: justify;\"><span style=\"font-family: verdana, geneva; font-size: small; line-height: 1.5em;\">El estudio se elabor\u00f3 siguiendo los par\u00e1metros del m\u00e9todo MC3, aceptado por la comunidad cient\u00edfica como uno de los m\u00e1s adecuado para estas mediciones. Este m\u00e9todo permite elaborar un patr\u00f3n de consumo con s\u00f3lo 3 inventarios: usos de suelo, residuos generados y presupuestos. Con este patr\u00f3n de consumo se pudo determinar la Huella de Carbono y la Huella Ecol\u00f3gica de la Escuela.<\/span><\/p>\n<p style=\"text-align: justify;\"><span style=\"font-family: verdana, geneva; font-size: small; line-height: 1.5em;\"><img decoding=\"async\" loading=\"lazy\" class=\"alignleft size-medium wp-image-490\" style=\"border: 0px;\" alt=\"Global-footprint\" src=\"http:\/\/www2.montes.upm.es\/ArboretoMontes\/wp-content\/uploads\/2014\/10\/Global-footprint-300x300.png\" width=\"300\" height=\"300\" srcset=\"https:\/\/www2.montes.upm.es\/ArboretoMontes\/wp-content\/uploads\/2014\/10\/Global-footprint-300x300.png 300w, https:\/\/www2.montes.upm.es\/ArboretoMontes\/wp-content\/uploads\/2014\/10\/Global-footprint-150x150.png 150w, https:\/\/www2.montes.upm.es\/ArboretoMontes\/wp-content\/uploads\/2014\/10\/Global-footprint.png 500w\" sizes=\"(max-width: 300px) 100vw, 300px\" \/>Seg\u00fan el estudio, el de electricidad es el consumo que lleva asociado mayor cuant\u00eda: representa un 33% del total. Adem\u00e1s, al contrario de lo que se propone en otros trabajos similares, el estudio revel\u00f3 que la adquisici\u00f3n de otros bienes y servicios distintos de combustibles y electricidad, puede repercutir en un incremento notable de la huella, ya que este apartado supuso el 60% del total de la Huella de Carbono y de la Huella Ecol\u00f3gica de la Escuela.<\/span><\/p>\n<p style=\"text-align: justify;\"><span style=\"font-family: verdana, geneva; font-size: small;\">La irrupci\u00f3n de la Huella de Carbono y de la Huella Ecol\u00f3gica en el entorno universitario abre nuevos horizontes en la b\u00fasqueda de la sostenibilidad en la universidad espa\u00f1ola, ya que estos indicadores pueden utilizarse como herramientas que ayuden a dise\u00f1ar presupuestos m\u00e1s eficientes en t\u00e9rminos medioambientales y que contribuyan a una gesti\u00f3n m\u00e1s respetuosa con el medio de la universidad.<\/span><\/p>\n<p style=\"text-align: justify;\"><span style=\"font-family: verdana, geneva; font-size: small; line-height: 1.5em;\">Tanto la Huella de Carbono como la Huella Ecol\u00f3gica se elaboran en torno a tres bloques, denominados alcances.<\/span><\/p>\n<p style=\"text-align: justify;\"><span style=\"font-family: verdana, geneva; font-size: small;\">La huella se asocia en cada uno con:<\/span><\/p>\n<ul>\n<li><span style=\"font-family: verdana, geneva; font-size: small;\">Uso de combustibles<\/span><\/li>\n<li><span style=\"font-family: verdana, geneva; font-size: small;\">Empleo de energ\u00eda el\u00e9ctrica<\/span><\/li>\n<li><span style=\"font-family: verdana, geneva; font-size: small;\">Adquisici\u00f3n de otros bienes y servicios + Usos del suelo + Residuos generados<\/span><\/li>\n<\/ul>\n<p style=\"text-align: center;\"><span style=\"font-size: small; font-family: verdana, geneva;\">\u00a0<\/span><\/p>\n<p><a href=\"http:\/\/www.sciencedirect.com\/science\/article\/pii\/S0959652613008147\" target=\"_blank\"><img decoding=\"async\" loading=\"lazy\" class=\" wp-image-888 alignright\" style=\"border: 0px;\" title=\"M\u00e1s informaci\u00f3n\" alt=\"INFO-huella\" src=\"http:\/\/www2.montes.upm.es\/ArboretoMontes\/wp-content\/uploads\/2014\/10\/INFO-huella.jpg\" width=\"600\" height=\"80\" srcset=\"https:\/\/www2.montes.upm.es\/ArboretoMontes\/wp-content\/uploads\/2014\/10\/INFO-huella.jpg 750w, https:\/\/www2.montes.upm.es\/ArboretoMontes\/wp-content\/uploads\/2014\/10\/INFO-huella-300x40.jpg 300w\" sizes=\"(max-width: 600px) 100vw, 600px\" \/><\/a><\/p>\n<p style=\"text-align: justify;\"><span style=\"font-family: 'book antiqua', palatino; font-size: medium; line-height: 1.5em; color: #ffffff;\">.<\/span><\/p>\n","protected":false},"excerpt":{"rendered":"<p>La huella de carbono de un Centro UPM medida por primera vez en el a\u00f1o 2010 La Huella de Carbono se conoce como la totalidad de [&#8230;]<\/p>\n","protected":false},"author":1,"featured_media":0,"parent":0,"menu_order":0,"comment_status":"closed","ping_status":"closed","template":"nosidebar-page.php","meta":[],"_links":{"self":[{"href":"https:\/\/www2.montes.upm.es\/ArboretoMontes\/index.php\/wp-json\/wp\/v2\/pages\/479"}],"collection":[{"href":"https:\/\/www2.montes.upm.es\/ArboretoMontes\/index.php\/wp-json\/wp\/v2\/pages"}],"about":[{"href":"https:\/\/www2.montes.upm.es\/ArboretoMontes\/index.php\/wp-json\/wp\/v2\/types\/page"}],"author":[{"embeddable":true,"href":"https:\/\/www2.montes.upm.es\/ArboretoMontes\/index.php\/wp-json\/wp\/v2\/users\/1"}],"replies":[{"embeddable":true,"href":"https:\/\/www2.montes.upm.es\/ArboretoMontes\/index.php\/wp-json\/wp\/v2\/comments?post=479"}],"version-history":[{"count":31,"href":"https:\/\/www2.montes.upm.es\/ArboretoMontes\/index.php\/wp-json\/wp\/v2\/pages\/479\/revisions"}],"predecessor-version":[{"id":1084,"href":"https:\/\/www2.montes.upm.es\/ArboretoMontes\/index.php\/wp-json\/wp\/v2\/pages\/479\/revisions\/1084"}],"wp:attachment":[{"href":"https:\/\/www2.montes.upm.es\/ArboretoMontes\/index.php\/wp-json\/wp\/v2\/media?parent=479"}],"curies":[{"name":"wp","href":"https:\/\/api.w.org\/{rel}","templated":true}]}}

<p style="text-align: justify;"><img decoding="async" loading="lazy" class="aligncenter size-full wp-image-885" alt="Cabez-HUELLA" src="http://www2.montes.upm.es/ArboretoMontes/wp-content/uploads/2014/10/Cabez-HUELLA.jpg" width="1000" height="204" srcset="https://www2.montes.upm.es/ArboretoMontes/wp-content/uploads/2014/10/Cabez-HUELLA.jpg 1000w, https://www2.montes.upm.es/ArboretoMontes/wp-content/uploads/2014/10/Cabez-HUELLA-300x61.jpg 300w" sizes="(max-width: 1000px) 100vw, 1000px" /></p>
<p style="text-align: justify;"><span style="font-size: large; font-family: verdana, geneva; color: #7b9353;"><strong>La huella de carbono de un Centro UPM medida por primera vez en el año 2010</strong></span></p>
<figure id="attachment_489" aria-describedby="caption-attachment-489" style="width: 392px" class="wp-caption alignright"><a href="http://www.carbonfeel.org/Carbonfeel/BubbleFeel/Huellas/BubbleFeelHTML/BubbleFeel_1.html#/~/100-0--educaci-n-universitaria" target="_blank"><img decoding="async" loading="lazy" class=" wp-image-489  " style="border: 0px;" alt="Visita a la plataforma que muestra el resultado de forma dinámica" src="http://www2.montes.upm.es/ArboretoMontes/wp-content/uploads/2014/10/esquema-huella-1024x991.png" width="392" height="379" srcset="https://www2.montes.upm.es/ArboretoMontes/wp-content/uploads/2014/10/esquema-huella-1024x991.png 1024w, https://www2.montes.upm.es/ArboretoMontes/wp-content/uploads/2014/10/esquema-huella-300x290.png 300w, https://www2.montes.upm.es/ArboretoMontes/wp-content/uploads/2014/10/esquema-huella.png 1612w" sizes="(max-width: 392px) 100vw, 392px" /></a><figcaption id="caption-attachment-489" class="wp-caption-text"><span style="color: #888888;"><em><span style="font-family: verdana, geneva; font-size: x-small;">Visita a la plataforma que muestra el resultado de forma dinámica</span></em></span></figcaption></figure>
<p style="text-align: justify;"><span style="font-family: verdana, geneva; font-size: small;">La Huella de Carbono se conoce como la totalidad de gases de efecto invernadero emitidos por efecto directo e indirecto de un individuo, organización, evento o producto. Es uno de los indicadores del potencial contaminante de un centro y un instrumento fundamental para diseñar una estrategia de sostenibilidad medioambiental en una institución.</span></p>
<p style="text-align: justify;"><span style="font-family: verdana, geneva; font-size: small;">En el marco de un proyecto de investigación, los expertos calcularon por primera vez el valor de la huella para el total de la ETSI de Montes e individualmente para cada uno de sus departamentos.</span></p>
<p style="text-align: justify;"><span style="font-family: verdana, geneva; font-size: small;">El objetivo fundamental del proyecto era averiguar el grado de sostenibilidad del Centro y comprobar cómo el impacto de nuestro modo de vida se refleja en términos de toneladas de CO2 emitidas a la atmósfera, y en hectáreas bioproductivas necesarias para satisfacer las necesidades diarias de un individuo.</span></p>
<p style="text-align: justify;"><span style="font-family: verdana, geneva; font-size: small; line-height: 1.5em;">El estudio se elaboró siguiendo los parámetros del método MC3, aceptado por la comunidad científica como uno de los más adecuado para estas mediciones. Este método permite elaborar un patrón de consumo con sólo 3 inventarios: usos de suelo, residuos generados y presupuestos. Con este patrón de consumo se pudo determinar la Huella de Carbono y la Huella Ecológica de la Escuela.</span></p>
<p style="text-align: justify;"><span style="font-family: verdana, geneva; font-size: small; line-height: 1.5em;"><img decoding="async" loading="lazy" class="alignleft size-medium wp-image-490" style="border: 0px;" alt="Global-footprint" src="http://www2.montes.upm.es/ArboretoMontes/wp-content/uploads/2014/10/Global-footprint-300x300.png" width="300" height="300" srcset="https://www2.montes.upm.es/ArboretoMontes/wp-content/uploads/2014/10/Global-footprint-300x300.png 300w, https://www2.montes.upm.es/ArboretoMontes/wp-content/uploads/2014/10/Global-footprint-150x150.png 150w, https://www2.montes.upm.es/ArboretoMontes/wp-content/uploads/2014/10/Global-footprint.png 500w" sizes="(max-width: 300px) 100vw, 300px" />Según el estudio, el de electricidad es el consumo que lleva asociado mayor cuantía: representa un 33% del total. Además, al contrario de lo que se propone en otros trabajos similares, el estudio reveló que la adquisición de otros bienes y servicios distintos de combustibles y electricidad, puede repercutir en un incremento notable de la huella, ya que este apartado supuso el 60% del total de la Huella de Carbono y de la Huella Ecológica de la Escuela.</span></p>
<p style="text-align: justify;"><span style="font-family: verdana, geneva; font-size: small;">La irrupción de la Huella de Carbono y de la Huella Ecológica en el entorno universitario abre nuevos horizontes en la búsqueda de la sostenibilidad en la universidad española, ya que estos indicadores pueden utilizarse como herramientas que ayuden a diseñar presupuestos más eficientes en términos medioambientales y que contribuyan a una gestión más respetuosa con el medio de la universidad.</span></p>
<p style="text-align: justify;"><span style="font-family: verdana, geneva; font-size: small; line-height: 1.5em;">Tanto la Huella de Carbono como la Huella Ecológica se elaboran en torno a tres bloques, denominados alcances.</span></p>
<p style="text-align: justify;"><span style="font-family: verdana, geneva; font-size: small;">La huella se asocia en cada uno con:</span></p>
<ul>
<li><span style="font-family: verdana, geneva; font-size: small;">Uso de combustibles</span></li>
<li><span style="font-family: verdana, geneva; font-size: small;">Empleo de energía eléctrica</span></li>
<li><span style="font-family: verdana, geneva; font-size: small;">Adquisición de otros bienes y servicios + Usos del suelo + Residuos generados</span></li>
</ul>
<p style="text-align: center;"><span style="font-size: small; font-family: verdana, geneva;"> </span></p>
<p><a href="http://www.sciencedirect.com/science/article/pii/S0959652613008147" target="_blank"><img decoding="async" loading="lazy" class=" wp-image-888 alignright" style="border: 0px;" title="Más información" alt="INFO-huella" src="http://www2.montes.upm.es/ArboretoMontes/wp-content/uploads/2014/10/INFO-huella.jpg" width="600" height="80" srcset="https://www2.montes.upm.es/ArboretoMontes/wp-content/uploads/2014/10/INFO-huella.jpg 750w, https://www2.montes.upm.es/ArboretoMontes/wp-content/uploads/2014/10/INFO-huella-300x40.jpg 300w" sizes="(max-width: 600px) 100vw, 600px" /></a></p>
<p style="text-align: justify;"><span style="font-family: 'book antiqua', palatino; font-size: medium; line-height: 1.5em; color: #ffffff;">.</span></p>

<p>La huella de carbono de un Centro UPM medida por primera vez en el año 2010 La Huella de Carbono se conoce como la totalidad de [&#8230;]</p>
