{"id":521,"date":"2014-10-26T19:43:31","date_gmt":"2014-10-26T18:43:31","guid":{"rendered":"http:\/\/www2.montes.upm.es\/ArboretoMontes\/?page_id=521"},"modified":"2014-11-12T01:58:44","modified_gmt":"2014-11-12T00:58:44","slug":"cambio-climatico-y-biotecnologia-forestal","status":"publish","type":"page","link":"https:\/\/www2.montes.upm.es\/ArboretoMontes\/index.php\/cambio-climatico-y-biotecnologia-forestal\/","title":{"rendered":"Cambio Clim\u00e1tico y Biotecnolog\u00eda Forestal"},"content":{"rendered":"<p style=\"text-align: center;\"><img decoding=\"async\" loading=\"lazy\" class=\"aligncenter size-full wp-image-909\" alt=\"Cabez-CLIMA-TECN\" src=\"http:\/\/www2.montes.upm.es\/ArboretoMontes\/wp-content\/uploads\/2014\/10\/Cabez-CLIMA-TECN.jpg\" width=\"1000\" height=\"204\" srcset=\"https:\/\/www2.montes.upm.es\/ArboretoMontes\/wp-content\/uploads\/2014\/10\/Cabez-CLIMA-TECN.jpg 1000w, https:\/\/www2.montes.upm.es\/ArboretoMontes\/wp-content\/uploads\/2014\/10\/Cabez-CLIMA-TECN-300x61.jpg 300w\" sizes=\"(max-width: 1000px) 100vw, 1000px\" \/><\/p>\n<p style=\"text-align: justify;\"><span style=\"color: #808000; font-size: large; font-family: verdana, geneva;\"><strong>Las plantaciones forestales frente al cambio clim\u00e1tico<\/strong><\/span><\/p>\n<figure id=\"attachment_953\" aria-describedby=\"caption-attachment-953\" style=\"width: 280px\" class=\"wp-caption alignright\"><img decoding=\"async\" loading=\"lazy\" class=\" wp-image-953\" style=\"border: 0px;\" alt=\"IMG-biotecno1\" src=\"http:\/\/www2.montes.upm.es\/ArboretoMontes\/wp-content\/uploads\/2014\/10\/IMG-biotecno1.png\" width=\"280\" height=\"392\" srcset=\"https:\/\/www2.montes.upm.es\/ArboretoMontes\/wp-content\/uploads\/2014\/10\/IMG-biotecno1.png 547w, https:\/\/www2.montes.upm.es\/ArboretoMontes\/wp-content\/uploads\/2014\/10\/IMG-biotecno1-214x300.png 214w\" sizes=\"(max-width: 280px) 100vw, 280px\" \/><figcaption id=\"caption-attachment-953\" class=\"wp-caption-text\"><em><span style=\"font-family: verdana, geneva; font-size: x-small; color: #888888;\">Las l\u00edneas mejoradas de chopo soportan mejor los tratamientos de calor (42-45\u00baC). La protecci\u00f3n observada se extiende a otros estreses adem\u00e1s del t\u00e9rmico.<\/span><\/em><\/figcaption><\/figure>\n<p style=\"text-align: justify;\"><span style=\"font-family: verdana, geneva; font-size: small; line-height: 1.5em;\"><img decoding=\"async\" loading=\"lazy\" class=\"alignleft size-medium wp-image-955\" style=\"border: 0px;\" alt=\"IMG-biotecno3txt\" src=\"http:\/\/www2.montes.upm.es\/ArboretoMontes\/wp-content\/uploads\/2014\/10\/IMG-biotecno3txt-300x155.png\" width=\"300\" height=\"155\" srcset=\"https:\/\/www2.montes.upm.es\/ArboretoMontes\/wp-content\/uploads\/2014\/10\/IMG-biotecno3txt-300x155.png 300w, https:\/\/www2.montes.upm.es\/ArboretoMontes\/wp-content\/uploads\/2014\/10\/IMG-biotecno3txt.png 360w\" sizes=\"(max-width: 300px) 100vw, 300px\" \/>Para que las plantaciones forestales se conviertan en una alternativa realista, los rendimientos actuales tendr\u00e1n que aumentar. El calentamiento global dificultar\u00e1 este objetivo, como evidencian las grandes p\u00e9rdidas del sector agr\u00edcola atribuibles a las temperaturas elevadas de las \u00faltimas d\u00e9cadas. Un\u00a0estudio multidisciplinar muy reciente\u00a0indica que el calentamiento global tambi\u00e9n est\u00e1 acelerando la deforestaci\u00f3n del planeta. La mejora gen\u00e9tica de la tolerancia al estr\u00e9s ambiental abre nuevas posibilidades para una explotaci\u00f3n m\u00e1s eficiente y sostenible de los recursos forestales.<\/span><\/p>\n<figure id=\"attachment_957\" aria-describedby=\"caption-attachment-957\" style=\"width: 198px\" class=\"wp-caption alignleft\"><img decoding=\"async\" loading=\"lazy\" class=\" wp-image-957\" alt=\"IMG-biotecno2\" src=\"http:\/\/www2.montes.upm.es\/ArboretoMontes\/wp-content\/uploads\/2014\/10\/IMG-biotecno2.png\" width=\"198\" height=\"459\" srcset=\"https:\/\/www2.montes.upm.es\/ArboretoMontes\/wp-content\/uploads\/2014\/10\/IMG-biotecno2.png 344w, https:\/\/www2.montes.upm.es\/ArboretoMontes\/wp-content\/uploads\/2014\/10\/IMG-biotecno2-129x300.png 129w\" sizes=\"(max-width: 198px) 100vw, 198px\" \/><figcaption id=\"caption-attachment-957\" class=\"wp-caption-text\"><span style=\"font-family: verdana, geneva; color: #888888; font-size: x-small;\"><em>Las l\u00edneas mejoradas de chopo tienen mejor comportamiento in vitro que los controles (biomasa de callos, inducci\u00f3n de brotes y micro-propagaci\u00f3n). <\/em><\/span><\/figcaption><\/figure>\n<p style=\"text-align: justify;\"><span style=\"font-family: verdana, geneva; font-size: small; line-height: 1.5em;\">Las l\u00edneas mejoradas de chopo obtenidas en este proyecto son significativamente m\u00e1s tolerantes a las temperaturas elevadas que los controles. Tambi\u00e9n son m\u00e1s tolerantes a la sequ\u00eda, a la presencia de herbicidas, al cultivo\u00a0in vitro\u00a0y\u00a0ex vitro, y a otras formas de est\u00e9s abi\u00f3tico que tienen inter\u00e9s aplicado para el sector forestal.\u00a0<\/span><span style=\"font-family: verdana, geneva; font-size: medium;\">\u00a0<\/span><\/p>\n<p><a href=\"http:\/\/www.plantphysiol.org\/content\/164\/2\/978.abstract\" target=\"_blank\"><img decoding=\"async\" loading=\"lazy\" class=\"alignright  wp-image-914\" style=\"border: 0px;\" title=\"M\u00e1s informaci\u00f3n\" alt=\"INFO-biotecno1\" src=\"http:\/\/www2.montes.upm.es\/ArboretoMontes\/wp-content\/uploads\/2014\/10\/INFO-biotecno1.jpg\" width=\"600\" height=\"80\" srcset=\"https:\/\/www2.montes.upm.es\/ArboretoMontes\/wp-content\/uploads\/2014\/10\/INFO-biotecno1.jpg 750w, https:\/\/www2.montes.upm.es\/ArboretoMontes\/wp-content\/uploads\/2014\/10\/INFO-biotecno1-300x40.jpg 300w\" sizes=\"(max-width: 600px) 100vw, 600px\" \/><\/a><\/p>\n<p><a href=\"http:\/\/www.cbgp.upm.es\/papers\/Gomez_PlantPhysiology_022014.html\" target=\"_blank\"><img decoding=\"async\" loading=\"lazy\" class=\"alignright  wp-image-912\" title=\"M\u00e1s informaci\u00f3n\" alt=\"INFO-biotecno2\" src=\"http:\/\/www2.montes.upm.es\/ArboretoMontes\/wp-content\/uploads\/2014\/10\/INFO-biotecno2.jpg\" width=\"600\" height=\"80\" srcset=\"https:\/\/www2.montes.upm.es\/ArboretoMontes\/wp-content\/uploads\/2014\/10\/INFO-biotecno2.jpg 750w, https:\/\/www2.montes.upm.es\/ArboretoMontes\/wp-content\/uploads\/2014\/10\/INFO-biotecno2-300x40.jpg 300w\" sizes=\"(max-width: 600px) 100vw, 600px\" \/><\/a><\/p>\n<p><span style=\"font-family: verdana, geneva;\">\u00a0<\/span><\/p>\n<p><span style=\"font-family: verdana, geneva;\">\u00a0<\/span><\/p>\n<p><span style=\"font-family: verdana, geneva;\">\u00a0<\/span><\/p>\n<p><span style=\"font-family: verdana, geneva;\">\u00a0<\/span><\/p>\n<p><span style=\"font-family: verdana, geneva;\">\u00a0<\/span><\/p>\n<p><span style=\"font-family: verdana, geneva;\">\u00a0<a href=\"http:\/\/www.rtve.es\/alacarta\/videos\/el-bosque-protector\/bosque-protector-repoblaciones-bosque-artificial\/1288997\/\" target=\"_blank\"><img decoding=\"async\" loading=\"lazy\" class=\"alignright  wp-image-911\" style=\"border: 0px;\" title=\"Ver el v\u00eddeo\" alt=\"video-biotecno\" src=\"http:\/\/www2.montes.upm.es\/ArboretoMontes\/wp-content\/uploads\/2014\/10\/video-biotecno.jpg\" width=\"600\" height=\"80\" srcset=\"https:\/\/www2.montes.upm.es\/ArboretoMontes\/wp-content\/uploads\/2014\/10\/video-biotecno.jpg 750w, https:\/\/www2.montes.upm.es\/ArboretoMontes\/wp-content\/uploads\/2014\/10\/video-biotecno-300x40.jpg 300w\" sizes=\"(max-width: 600px) 100vw, 600px\" \/><\/a><\/span><\/p>\n","protected":false},"excerpt":{"rendered":"<p>Las plantaciones forestales frente al cambio clim\u00e1tico Para que las plantaciones forestales se conviertan en una alternativa realista, los rendimientos actuales tendr\u00e1n que aumentar. El calentamiento [&#8230;]<\/p>\n","protected":false},"author":1,"featured_media":0,"parent":0,"menu_order":0,"comment_status":"closed","ping_status":"closed","template":"nosidebar-page.php","meta":[],"_links":{"self":[{"href":"https:\/\/www2.montes.upm.es\/ArboretoMontes\/index.php\/wp-json\/wp\/v2\/pages\/521"}],"collection":[{"href":"https:\/\/www2.montes.upm.es\/ArboretoMontes\/index.php\/wp-json\/wp\/v2\/pages"}],"about":[{"href":"https:\/\/www2.montes.upm.es\/ArboretoMontes\/index.php\/wp-json\/wp\/v2\/types\/page"}],"author":[{"embeddable":true,"href":"https:\/\/www2.montes.upm.es\/ArboretoMontes\/index.php\/wp-json\/wp\/v2\/users\/1"}],"replies":[{"embeddable":true,"href":"https:\/\/www2.montes.upm.es\/ArboretoMontes\/index.php\/wp-json\/wp\/v2\/comments?post=521"}],"version-history":[{"count":21,"href":"https:\/\/www2.montes.upm.es\/ArboretoMontes\/index.php\/wp-json\/wp\/v2\/pages\/521\/revisions"}],"predecessor-version":[{"id":1089,"href":"https:\/\/www2.montes.upm.es\/ArboretoMontes\/index.php\/wp-json\/wp\/v2\/pages\/521\/revisions\/1089"}],"wp:attachment":[{"href":"https:\/\/www2.montes.upm.es\/ArboretoMontes\/index.php\/wp-json\/wp\/v2\/media?parent=521"}],"curies":[{"name":"wp","href":"https:\/\/api.w.org\/{rel}","templated":true}]}}