{"id":554,"date":"2014-10-26T23:05:02","date_gmt":"2014-10-26T22:05:02","guid":{"rendered":"http:\/\/www2.montes.upm.es\/ArboretoMontes\/?page_id=554"},"modified":"2014-11-11T16:18:50","modified_gmt":"2014-11-11T15:18:50","slug":"madera-para-crear-musica","status":"publish","type":"page","link":"https:\/\/www2.montes.upm.es\/ArboretoMontes\/index.php\/madera-para-crear-musica\/","title":{"rendered":"Madera para crear m\u00fasica"},"content":{"rendered":"<p style=\"text-align: justify;\"><span style=\"color: #808000; font-size: large;\"><strong><span style=\"font-family: 'book antiqua', palatino;\"><img decoding=\"async\" loading=\"lazy\" class=\"aligncenter size-full wp-image-1063\" alt=\"Cabez-MUSICAL\" src=\"http:\/\/www2.montes.upm.es\/ArboretoMontes\/wp-content\/uploads\/2014\/10\/Cabez-MUSICAL.jpg\" width=\"1000\" height=\"204\" srcset=\"https:\/\/www2.montes.upm.es\/ArboretoMontes\/wp-content\/uploads\/2014\/10\/Cabez-MUSICAL.jpg 1000w, https:\/\/www2.montes.upm.es\/ArboretoMontes\/wp-content\/uploads\/2014\/10\/Cabez-MUSICAL-300x61.jpg 300w\" sizes=\"(max-width: 1000px) 100vw, 1000px\" \/><span style=\"font-family: verdana, geneva;\">Madera para crear m\u00fasica<\/span><\/span><\/strong><\/span><span style=\"color: #808000; font-family: verdana, geneva;\"><strong><span style=\"font-size: x-large;\"><br \/>\n<\/span><\/strong><\/span><\/p>\n<p style=\"text-align: justify;\"><span style=\"font-family: verdana, geneva; font-size: small;\"><img decoding=\"async\" loading=\"lazy\" class=\"alignright size-full wp-image-559\" alt=\"madera-musical\" src=\"http:\/\/www2.montes.upm.es\/ArboretoMontes\/wp-content\/uploads\/2014\/10\/madera-musical.jpg\" width=\"297\" height=\"297\" srcset=\"https:\/\/www2.montes.upm.es\/ArboretoMontes\/wp-content\/uploads\/2014\/10\/madera-musical.jpg 297w, https:\/\/www2.montes.upm.es\/ArboretoMontes\/wp-content\/uploads\/2014\/10\/madera-musical-150x150.jpg 150w\" sizes=\"(max-width: 297px) 100vw, 297px\" \/>Contrabajos, violines, guitarras, xil\u00f3fonos o ciertas partes de los instrumentos de nominados de viento-madera\u00a0 est\u00e1n construidos con madera.<\/span><\/p>\n<p style=\"text-align: justify;\"><span style=\"font-family: verdana, geneva; font-size: small; line-height: 1.5em;\">La calidad del timbre, tono, equilibrio de sonido o la resonancia son propiedades de la ac\u00fastica del instrumento que dependen fundamentalmente del saber hacer del constructor, que debe elegir cuidadosamente las maderas a emplear.<\/span><\/p>\n<p style=\"text-align: justify;\"><span style=\"font-family: verdana, geneva; font-size: small; line-height: 1.5em;\">En la fabricaci\u00f3n de guitarras, por ejemplo, se combinan varias maderas de alta calidad, dependiendo de la parte del instrumento y el tipo de sonido que se quiera generar.<\/span><\/p>\n<p style=\"text-align: justify;\"><span style=\"font-family: verdana, geneva; font-size: small;\">El color del sonido no depende s\u00f3lo del tipo de madera, sino tambi\u00e9n de c\u00f3mo ha formado el \u00e1rbol sus vetas. Su grosor y distribuci\u00f3n hace que los sonidos interact\u00faen y produzcan una resonancia distinta. Los luthiers y expertos tienen un o\u00eddo muy entrenado y la suficiente experiencia para detectar los matices que aporta cada plancha de madera a la resonancia final del instrumento.<\/span><\/p>\n<p style=\"text-align: justify;\"><span style=\"font-family: verdana, geneva; font-size: small;\">Cuando la importaci\u00f3n de estas maderas era m\u00e1s dif\u00edcil, nogales, cerezos o perales abastec\u00edan de material para hacer guitarras. El cipr\u00e9s, por ejemplo, ha sido tradicionalmente empleado en la construcci\u00f3n de la guitarra flamenca. El cipr\u00e9s de Aranjuez, anta\u00f1o abundante en esa zona, ha sido particularmente apreciado por sus cualidades.<\/span><\/p>\n<p style=\"text-align: justify;\"><span style=\"font-family: verdana, geneva; font-size: small;\">Hoy d\u00eda tambi\u00e9n se emplean maderas aut\u00f3ctonas y ex\u00f3ticas como el palosanto, el \u00e9bano o la caoba. Resulta particularmente apreciada la madera de koa, que alcanza precios muy elevados en el mercado. Este \u00e1rbol (Acacia koa) s\u00f3lo vive en Hawai, por lo que su gesti\u00f3n ha de ser cuidadosa y su extracci\u00f3n muy controlada.<\/span><\/p>\n<p style=\"text-align: justify;\"><img decoding=\"async\" loading=\"lazy\" class=\"alignright  wp-image-1067\" style=\"border: 0px;\" alt=\"audio-musical\" src=\"http:\/\/www2.montes.upm.es\/ArboretoMontes\/wp-content\/uploads\/2014\/10\/audio-musical.jpg\" width=\"600\" height=\"80\" srcset=\"https:\/\/www2.montes.upm.es\/ArboretoMontes\/wp-content\/uploads\/2014\/10\/audio-musical.jpg 750w, https:\/\/www2.montes.upm.es\/ArboretoMontes\/wp-content\/uploads\/2014\/10\/audio-musical-300x40.jpg 300w\" sizes=\"(max-width: 600px) 100vw, 600px\" \/><\/p>\n","protected":false},"excerpt":{"rendered":"<p>Madera para crear m\u00fasica Contrabajos, violines, guitarras, xil\u00f3fonos o ciertas partes de los instrumentos de nominados de viento-madera\u00a0 est\u00e1n construidos con madera. La calidad del timbre, [&#8230;]<\/p>\n","protected":false},"author":1,"featured_media":0,"parent":0,"menu_order":0,"comment_status":"closed","ping_status":"closed","template":"nosidebar-page.php","meta":[],"_links":{"self":[{"href":"https:\/\/www2.montes.upm.es\/ArboretoMontes\/index.php\/wp-json\/wp\/v2\/pages\/554"}],"collection":[{"href":"https:\/\/www2.montes.upm.es\/ArboretoMontes\/index.php\/wp-json\/wp\/v2\/pages"}],"about":[{"href":"https:\/\/www2.montes.upm.es\/ArboretoMontes\/index.php\/wp-json\/wp\/v2\/types\/page"}],"author":[{"embeddable":true,"href":"https:\/\/www2.montes.upm.es\/ArboretoMontes\/index.php\/wp-json\/wp\/v2\/users\/1"}],"replies":[{"embeddable":true,"href":"https:\/\/www2.montes.upm.es\/ArboretoMontes\/index.php\/wp-json\/wp\/v2\/comments?post=554"}],"version-history":[{"count":11,"href":"https:\/\/www2.montes.upm.es\/ArboretoMontes\/index.php\/wp-json\/wp\/v2\/pages\/554\/revisions"}],"predecessor-version":[{"id":1069,"href":"https:\/\/www2.montes.upm.es\/ArboretoMontes\/index.php\/wp-json\/wp\/v2\/pages\/554\/revisions\/1069"}],"wp:attachment":[{"href":"https:\/\/www2.montes.upm.es\/ArboretoMontes\/index.php\/wp-json\/wp\/v2\/media?parent=554"}],"curies":[{"name":"wp","href":"https:\/\/api.w.org\/{rel}","templated":true}]}}

Madera para crear música

<p style="text-align: justify;"><span style="color: #808000; font-size: large;"><strong><span style="font-family: 'book antiqua', palatino;"><img decoding="async" loading="lazy" class="aligncenter size-full wp-image-1063" alt="Cabez-MUSICAL" src="http://www2.montes.upm.es/ArboretoMontes/wp-content/uploads/2014/10/Cabez-MUSICAL.jpg" width="1000" height="204" srcset="https://www2.montes.upm.es/ArboretoMontes/wp-content/uploads/2014/10/Cabez-MUSICAL.jpg 1000w, https://www2.montes.upm.es/ArboretoMontes/wp-content/uploads/2014/10/Cabez-MUSICAL-300x61.jpg 300w" sizes="(max-width: 1000px) 100vw, 1000px" /><span style="font-family: verdana, geneva;">Madera para crear música</span></span></strong></span><span style="color: #808000; font-family: verdana, geneva;"><strong><span style="font-size: x-large;"><br />
</span></strong></span></p>
<p style="text-align: justify;"><span style="font-family: verdana, geneva; font-size: small;"><img decoding="async" loading="lazy" class="alignright size-full wp-image-559" alt="madera-musical" src="http://www2.montes.upm.es/ArboretoMontes/wp-content/uploads/2014/10/madera-musical.jpg" width="297" height="297" srcset="https://www2.montes.upm.es/ArboretoMontes/wp-content/uploads/2014/10/madera-musical.jpg 297w, https://www2.montes.upm.es/ArboretoMontes/wp-content/uploads/2014/10/madera-musical-150x150.jpg 150w" sizes="(max-width: 297px) 100vw, 297px" />Contrabajos, violines, guitarras, xilófonos o ciertas partes de los instrumentos de nominados de viento-madera  están construidos con madera.</span></p>
<p style="text-align: justify;"><span style="font-family: verdana, geneva; font-size: small; line-height: 1.5em;">La calidad del timbre, tono, equilibrio de sonido o la resonancia son propiedades de la acústica del instrumento que dependen fundamentalmente del saber hacer del constructor, que debe elegir cuidadosamente las maderas a emplear.</span></p>
<p style="text-align: justify;"><span style="font-family: verdana, geneva; font-size: small; line-height: 1.5em;">En la fabricación de guitarras, por ejemplo, se combinan varias maderas de alta calidad, dependiendo de la parte del instrumento y el tipo de sonido que se quiera generar.</span></p>
<p style="text-align: justify;"><span style="font-family: verdana, geneva; font-size: small;">El color del sonido no depende sólo del tipo de madera, sino también de cómo ha formado el árbol sus vetas. Su grosor y distribución hace que los sonidos interactúen y produzcan una resonancia distinta. Los luthiers y expertos tienen un oído muy entrenado y la suficiente experiencia para detectar los matices que aporta cada plancha de madera a la resonancia final del instrumento.</span></p>
<p style="text-align: justify;"><span style="font-family: verdana, geneva; font-size: small;">Cuando la importación de estas maderas era más difícil, nogales, cerezos o perales abastecían de material para hacer guitarras. El ciprés, por ejemplo, ha sido tradicionalmente empleado en la construcción de la guitarra flamenca. El ciprés de Aranjuez, antaño abundante en esa zona, ha sido particularmente apreciado por sus cualidades.</span></p>
<p style="text-align: justify;"><span style="font-family: verdana, geneva; font-size: small;">Hoy día también se emplean maderas autóctonas y exóticas como el palosanto, el ébano o la caoba. Resulta particularmente apreciada la madera de koa, que alcanza precios muy elevados en el mercado. Este árbol (Acacia koa) sólo vive en Hawai, por lo que su gestión ha de ser cuidadosa y su extracción muy controlada.</span></p>
<p style="text-align: justify;"><img decoding="async" loading="lazy" class="alignright  wp-image-1067" style="border: 0px;" alt="audio-musical" src="http://www2.montes.upm.es/ArboretoMontes/wp-content/uploads/2014/10/audio-musical.jpg" width="600" height="80" srcset="https://www2.montes.upm.es/ArboretoMontes/wp-content/uploads/2014/10/audio-musical.jpg 750w, https://www2.montes.upm.es/ArboretoMontes/wp-content/uploads/2014/10/audio-musical-300x40.jpg 300w" sizes="(max-width: 600px) 100vw, 600px" /></p>

<p>Madera para crear música Contrabajos, violines, guitarras, xilófonos o ciertas partes de los instrumentos de nominados de viento-madera  están construidos con madera. La calidad del timbre, [&#8230;]</p>
