{"id":563,"date":"2014-10-26T23:35:42","date_gmt":"2014-10-26T22:35:42","guid":{"rendered":"http:\/\/www2.montes.upm.es\/ArboretoMontes\/?page_id=563"},"modified":"2015-01-12T18:42:50","modified_gmt":"2015-01-12T17:42:50","slug":"la-bellota-mejor-con-larva","status":"publish","type":"page","link":"https:\/\/www2.montes.upm.es\/ArboretoMontes\/index.php\/la-bellota-mejor-con-larva\/","title":{"rendered":"La bellota, mejor con larva"},"content":{"rendered":"<p style=\"text-align: center;\"><img decoding=\"async\" loading=\"lazy\" class=\"aligncenter size-full wp-image-844\" style=\"border: 0px;\" alt=\"Cabez-BELLOTA\" src=\"http:\/\/www2.montes.upm.es\/ArboretoMontes\/wp-content\/uploads\/2014\/10\/Cabez-BELLOTA.jpg\" width=\"1000\" height=\"204\" srcset=\"https:\/\/www2.montes.upm.es\/ArboretoMontes\/wp-content\/uploads\/2014\/10\/Cabez-BELLOTA.jpg 1000w, https:\/\/www2.montes.upm.es\/ArboretoMontes\/wp-content\/uploads\/2014\/10\/Cabez-BELLOTA-300x61.jpg 300w\" sizes=\"(max-width: 1000px) 100vw, 1000px\" \/><\/p>\n<p style=\"text-align: justify;\"><span style=\"color: #888888; font-family: verdana, geneva;\"><span style=\"color: #7b9353; font-size: large;\"><strong>Una curiosa interacci\u00f3n en la regeneraci\u00f3n de los bosques de robles<\/strong><\/span><strong><span style=\"font-size: x-large;\"><br \/>\n<\/span><\/strong><\/span><\/p>\n<figure id=\"attachment_565\" aria-describedby=\"caption-attachment-565\" style=\"width: 165px\" class=\"wp-caption alignright\"><img decoding=\"async\" loading=\"lazy\" class=\" wp-image-565 \" alt=\"Bellota_con_hueco\" src=\"http:\/\/www2.montes.upm.es\/ArboretoMontes\/wp-content\/uploads\/2014\/10\/Bellota_con_hueco.jpg\" width=\"165\" height=\"187\" \/><figcaption id=\"caption-attachment-565\" class=\"wp-caption-text\"><span style=\"font-size: x-small; color: #888888;\"><em><span style=\"font-family: verdana, geneva;\">Los gorgojos (Curculio sp.) ponen sus huevos en el interior de las bellotas a\u00fan sin madurar De estos huevos nacen unas peque\u00f1as larvas en forma de gusano que se alimentan en el interior de la bellota sin alterar la apariencia externa de la misma. Cuando la larva termina su desarrollo perfora un peque\u00f1o agujero para salir de la bellota y enterrarse en el suelo hasta dar lugar, mediante la metamorfosis, a un nuevo escarabajo adulto.<\/span><\/em><\/span><\/figcaption><\/figure>\n<p><span style=\"font-family: verdana, geneva; font-size: small;\">El Hayedo de Montejo, en la provincia de Madrid, es un bosque mixto bien conservado de robles y hayas. All\u00ed es donde investigadores de la ETSI Montes de la Universidad Polit\u00e9cnica de Madrid han llevado a cabo un estudio sobre los patrones de dispersi\u00f3n de las bellotas por los ratones de campo.<\/span><\/p>\n<p style=\"text-align: justify;\"><span style=\"font-family: verdana, geneva; font-size: small;\">Se ha comprobado que cuando se encuentran atacadas por insectos, el hecho de que la larva se encuentre o no a\u00fan en el interior de la bellota modifica los patrones de dispersi\u00f3n y, en consecuencia, de la regeneraci\u00f3n de este tipo de bosques.<\/span><\/p>\n<p style=\"text-align: justify;\"><span style=\"font-family: verdana, geneva; font-size: small; line-height: 1.5em;\">Las bellotas \u00a0son\u00a0 frutos \u00a0oto\u00f1ales muy cotizados por toda la fauna por su gran tama\u00f1o, su abundancia y su alto contenido cal\u00f3rico en l\u00edpidos y carbohidratos. Son muchas las especies animales interesadas en este fruto. Es el caso de unos peque\u00f1os escarabajos, los gorgojos (<em>Curculio<\/em> sp.), que ponen sus huevos en el interior de las bellotas a\u00fan sin madurar, de los que nace unas peque\u00f1as larvas.<\/span><\/p>\n<p style=\"text-align: justify;\"><span style=\"font-family: verdana, geneva; font-size: small;\">El rat\u00f3n de campo (<em>Apodemus sylvaticus<\/em>) es uno de los principales consumidores de bellotas y dedica su tiempo oto\u00f1al a esconder estos frutos para su posterior consumo en los d\u00edas de invierno. Sin embargo, muchas de estas bellotas quedan olvidadas en sus escondites bajo el suelo o entre la hojarasca, permitiendo as\u00ed la mejor germinaci\u00f3n de las bellotas y dando lugar a nuevos \u00e1rboles.\u00a0<\/span><\/p>\n<figure id=\"attachment_571\" aria-describedby=\"caption-attachment-571\" style=\"width: 509px\" class=\"wp-caption alignleft\"><img decoding=\"async\" loading=\"lazy\" class=\"wp-image-571 \" alt=\"\" src=\"http:\/\/www2.montes.upm.es\/ArboretoMontes\/wp-content\/uploads\/2014\/10\/raton.jpg\" width=\"509\" height=\"363\" srcset=\"https:\/\/www2.montes.upm.es\/ArboretoMontes\/wp-content\/uploads\/2014\/10\/raton.jpg 566w, https:\/\/www2.montes.upm.es\/ArboretoMontes\/wp-content\/uploads\/2014\/10\/raton-300x213.jpg 300w\" sizes=\"(max-width: 509px) 100vw, 509px\" \/><figcaption id=\"caption-attachment-571\" class=\"wp-caption-text\"><span style=\"color: #888888;\"><em><span style=\"font-family: verdana, geneva; font-size: x-small;\">Curiosamente, una misma bellota almacenada por un rat\u00f3n suele ser movida o robada por otro rat\u00f3n, alcanz\u00e1ndose distancias de dispersi\u00f3n de hasta cientos de metros respecto de su \u00e1rbol madre, contribuyendo as\u00ed al mejor desplazamiento de genes y a la regeneraci\u00f3n exitosa de estos \u00e1rboles. Fotograf\u00eda: Ram\u00f3n Perea<\/span><\/em><\/span><\/figcaption><\/figure>\n<p style=\"text-align: justify;\"><span style=\"font-family: verdana, geneva; font-size: small;\">Pero \u00bfqu\u00e9 hacen los ratones con las bellotas atacadas por las larvas de los escarabajos? La respuesta no es \u00fanica y depende del peque\u00f1o detalle de que la larva haya salido al exterior o siga a\u00fan dentro de la bellota. Las bellotas cuyas larvas hab\u00edan emergido ya al exterior fueron r\u00e1pidamente rechazadas por los ratones, sin apenas tocarlas y sin desplazarlas ni almacenarlas. Esas bellotas quedaron\u00a0 expuestas sobre el suelo y no consiguieron prosperar. Sin embargo, aquellas bellotas en las que la larva a\u00fan se encontraba en su interior fueron desplazadas y almacenadas por los ratones. En el estudio realizado se comprob\u00f3 que los ratones gustaban de estas larvas (ricas en prote\u00edna) y se alimentaban de ellas, disminuyendo de este modo el da\u00f1o producido por estos gusanos sobre las bellotas.<\/span><\/p>\n<p style=\"text-align: justify;\"><span style=\"font-family: verdana, geneva; font-size: small;\">As\u00ed, los ratones dispersaron y enterraron estas bellotas que finalmente contribuyeron a generar nuevas pl\u00e1ntulas. El hecho de que la larva estuviera a\u00fan en su interior result\u00f3 ser definitivo en el futuro inmediato de la bellota y, por tanto, en el futuro de los bosque de robles, encinas o alcornoques.<\/span><\/p>\n<p style=\"text-align: justify;\"><span style=\"font-family: verdana, geneva; font-size: small;\">La naturaleza mantiene sus mecanismos de compensaci\u00f3n y un escarabajo aparentemente da\u00f1ino sirve de atracci\u00f3n a los roedores que, a su vez, liberan a las bellotas de este enemigo y las ayudan a prosperar, a costa, eso s\u00ed, de disfrutar de una parte de las ricas sustancias que contienen las bellotas. Estos resultados ponen en evidencia que a\u00fan desconocemos el funcionamiento de muchos de los ecosistemas que queremos conservar.\u00a0<\/span><\/p>\n<p style=\"text-align: justify;\"><a href=\"http:\/\/www.researchgate.net\/publication\/224965949_Incorporating_insect_infestation_into_rodent_seed_dispersal_better_if_the_larva_is_still_inside\" target=\"_blank\"><img decoding=\"async\" loading=\"lazy\" class=\"alignright  wp-image-883\" style=\"border: 0px;\" title=\"M\u00e1s informaci\u00f3n\" alt=\"INFO-2-bellota\" src=\"http:\/\/www2.montes.upm.es\/ArboretoMontes\/wp-content\/uploads\/2014\/10\/INFO-2-bellota1.jpg\" width=\"600\" height=\"80\" srcset=\"https:\/\/www2.montes.upm.es\/ArboretoMontes\/wp-content\/uploads\/2014\/10\/INFO-2-bellota1.jpg 750w, https:\/\/www2.montes.upm.es\/ArboretoMontes\/wp-content\/uploads\/2014\/10\/INFO-2-bellota1-300x40.jpg 300w\" sizes=\"(max-width: 600px) 100vw, 600px\" \/><\/a><\/p>\n<p style=\"text-align: justify;\"><span style=\"color: #808000; font-family: verdana, geneva;\"><strong>\u00a0<a href=\"http:\/\/www.revistaecosistemas.net\/index.php\/ecosistemas\/article\/viewFile\/368\/357\" target=\"_blank\"><img decoding=\"async\" loading=\"lazy\" class=\"alignright  wp-image-882\" style=\"border: 0px;\" title=\"M\u00e1s informaci\u00f3n\" alt=\"INFO-2-bellota\" src=\"http:\/\/www2.montes.upm.es\/ArboretoMontes\/wp-content\/uploads\/2014\/10\/INFO-2-bellota.jpg\" width=\"600\" height=\"80\" srcset=\"https:\/\/www2.montes.upm.es\/ArboretoMontes\/wp-content\/uploads\/2014\/10\/INFO-2-bellota.jpg 750w, https:\/\/www2.montes.upm.es\/ArboretoMontes\/wp-content\/uploads\/2014\/10\/INFO-2-bellota-300x40.jpg 300w\" sizes=\"(max-width: 600px) 100vw, 600px\" \/><\/a><\/strong><\/span><\/p>\n","protected":false},"excerpt":{"rendered":"<p>Una curiosa interacci\u00f3n en la regeneraci\u00f3n de los bosques de robles El Hayedo de Montejo, en la provincia de Madrid, es un bosque mixto bien conservado [&#8230;]<\/p>\n","protected":false},"author":1,"featured_media":0,"parent":0,"menu_order":0,"comment_status":"closed","ping_status":"closed","template":"nosidebar-page.php","meta":[],"_links":{"self":[{"href":"https:\/\/www2.montes.upm.es\/ArboretoMontes\/index.php\/wp-json\/wp\/v2\/pages\/563"}],"collection":[{"href":"https:\/\/www2.montes.upm.es\/ArboretoMontes\/index.php\/wp-json\/wp\/v2\/pages"}],"about":[{"href":"https:\/\/www2.montes.upm.es\/ArboretoMontes\/index.php\/wp-json\/wp\/v2\/types\/page"}],"author":[{"embeddable":true,"href":"https:\/\/www2.montes.upm.es\/ArboretoMontes\/index.php\/wp-json\/wp\/v2\/users\/1"}],"replies":[{"embeddable":true,"href":"https:\/\/www2.montes.upm.es\/ArboretoMontes\/index.php\/wp-json\/wp\/v2\/comments?post=563"}],"version-history":[{"count":26,"href":"https:\/\/www2.montes.upm.es\/ArboretoMontes\/index.php\/wp-json\/wp\/v2\/pages\/563\/revisions"}],"predecessor-version":[{"id":1027,"href":"https:\/\/www2.montes.upm.es\/ArboretoMontes\/index.php\/wp-json\/wp\/v2\/pages\/563\/revisions\/1027"}],"wp:attachment":[{"href":"https:\/\/www2.montes.upm.es\/ArboretoMontes\/index.php\/wp-json\/wp\/v2\/media?parent=563"}],"curies":[{"name":"wp","href":"https:\/\/api.w.org\/{rel}","templated":true}]}}

<p style="text-align: center;"><img decoding="async" loading="lazy" class="aligncenter size-full wp-image-844" style="border: 0px;" alt="Cabez-BELLOTA" src="http://www2.montes.upm.es/ArboretoMontes/wp-content/uploads/2014/10/Cabez-BELLOTA.jpg" width="1000" height="204" srcset="https://www2.montes.upm.es/ArboretoMontes/wp-content/uploads/2014/10/Cabez-BELLOTA.jpg 1000w, https://www2.montes.upm.es/ArboretoMontes/wp-content/uploads/2014/10/Cabez-BELLOTA-300x61.jpg 300w" sizes="(max-width: 1000px) 100vw, 1000px" /></p>
<p style="text-align: justify;"><span style="color: #888888; font-family: verdana, geneva;"><span style="color: #7b9353; font-size: large;"><strong>Una curiosa interacción en la regeneración de los bosques de robles</strong></span><strong><span style="font-size: x-large;"><br />
</span></strong></span></p>
<figure id="attachment_565" aria-describedby="caption-attachment-565" style="width: 165px" class="wp-caption alignright"><img decoding="async" loading="lazy" class=" wp-image-565 " alt="Bellota_con_hueco" src="http://www2.montes.upm.es/ArboretoMontes/wp-content/uploads/2014/10/Bellota_con_hueco.jpg" width="165" height="187" /><figcaption id="caption-attachment-565" class="wp-caption-text"><span style="font-size: x-small; color: #888888;"><em><span style="font-family: verdana, geneva;">Los gorgojos (Curculio sp.) ponen sus huevos en el interior de las bellotas aún sin madurar De estos huevos nacen unas pequeñas larvas en forma de gusano que se alimentan en el interior de la bellota sin alterar la apariencia externa de la misma. Cuando la larva termina su desarrollo perfora un pequeño agujero para salir de la bellota y enterrarse en el suelo hasta dar lugar, mediante la metamorfosis, a un nuevo escarabajo adulto.</span></em></span></figcaption></figure>
<p><span style="font-family: verdana, geneva; font-size: small;">El Hayedo de Montejo, en la provincia de Madrid, es un bosque mixto bien conservado de robles y hayas. Allí es donde investigadores de la ETSI Montes de la Universidad Politécnica de Madrid han llevado a cabo un estudio sobre los patrones de dispersión de las bellotas por los ratones de campo.</span></p>
<p style="text-align: justify;"><span style="font-family: verdana, geneva; font-size: small;">Se ha comprobado que cuando se encuentran atacadas por insectos, el hecho de que la larva se encuentre o no aún en el interior de la bellota modifica los patrones de dispersión y, en consecuencia, de la regeneración de este tipo de bosques.</span></p>
<p style="text-align: justify;"><span style="font-family: verdana, geneva; font-size: small; line-height: 1.5em;">Las bellotas  son  frutos  otoñales muy cotizados por toda la fauna por su gran tamaño, su abundancia y su alto contenido calórico en lípidos y carbohidratos. Son muchas las especies animales interesadas en este fruto. Es el caso de unos pequeños escarabajos, los gorgojos (<em>Curculio</em> sp.), que ponen sus huevos en el interior de las bellotas aún sin madurar, de los que nace unas pequeñas larvas.</span></p>
<p style="text-align: justify;"><span style="font-family: verdana, geneva; font-size: small;">El ratón de campo (<em>Apodemus sylvaticus</em>) es uno de los principales consumidores de bellotas y dedica su tiempo otoñal a esconder estos frutos para su posterior consumo en los días de invierno. Sin embargo, muchas de estas bellotas quedan olvidadas en sus escondites bajo el suelo o entre la hojarasca, permitiendo así la mejor germinación de las bellotas y dando lugar a nuevos árboles. </span></p>
<figure id="attachment_571" aria-describedby="caption-attachment-571" style="width: 509px" class="wp-caption alignleft"><img decoding="async" loading="lazy" class="wp-image-571 " alt="" src="http://www2.montes.upm.es/ArboretoMontes/wp-content/uploads/2014/10/raton.jpg" width="509" height="363" srcset="https://www2.montes.upm.es/ArboretoMontes/wp-content/uploads/2014/10/raton.jpg 566w, https://www2.montes.upm.es/ArboretoMontes/wp-content/uploads/2014/10/raton-300x213.jpg 300w" sizes="(max-width: 509px) 100vw, 509px" /><figcaption id="caption-attachment-571" class="wp-caption-text"><span style="color: #888888;"><em><span style="font-family: verdana, geneva; font-size: x-small;">Curiosamente, una misma bellota almacenada por un ratón suele ser movida o robada por otro ratón, alcanzándose distancias de dispersión de hasta cientos de metros respecto de su árbol madre, contribuyendo así al mejor desplazamiento de genes y a la regeneración exitosa de estos árboles. Fotografía: Ramón Perea</span></em></span></figcaption></figure>
<p style="text-align: justify;"><span style="font-family: verdana, geneva; font-size: small;">Pero ¿qué hacen los ratones con las bellotas atacadas por las larvas de los escarabajos? La respuesta no es única y depende del pequeño detalle de que la larva haya salido al exterior o siga aún dentro de la bellota. Las bellotas cuyas larvas habían emergido ya al exterior fueron rápidamente rechazadas por los ratones, sin apenas tocarlas y sin desplazarlas ni almacenarlas. Esas bellotas quedaron  expuestas sobre el suelo y no consiguieron prosperar. Sin embargo, aquellas bellotas en las que la larva aún se encontraba en su interior fueron desplazadas y almacenadas por los ratones. En el estudio realizado se comprobó que los ratones gustaban de estas larvas (ricas en proteína) y se alimentaban de ellas, disminuyendo de este modo el daño producido por estos gusanos sobre las bellotas.</span></p>
<p style="text-align: justify;"><span style="font-family: verdana, geneva; font-size: small;">Así, los ratones dispersaron y enterraron estas bellotas que finalmente contribuyeron a generar nuevas plántulas. El hecho de que la larva estuviera aún en su interior resultó ser definitivo en el futuro inmediato de la bellota y, por tanto, en el futuro de los bosque de robles, encinas o alcornoques.</span></p>
<p style="text-align: justify;"><span style="font-family: verdana, geneva; font-size: small;">La naturaleza mantiene sus mecanismos de compensación y un escarabajo aparentemente dañino sirve de atracción a los roedores que, a su vez, liberan a las bellotas de este enemigo y las ayudan a prosperar, a costa, eso sí, de disfrutar de una parte de las ricas sustancias que contienen las bellotas. Estos resultados ponen en evidencia que aún desconocemos el funcionamiento de muchos de los ecosistemas que queremos conservar. </span></p>
<p style="text-align: justify;"><a href="http://www.researchgate.net/publication/224965949_Incorporating_insect_infestation_into_rodent_seed_dispersal_better_if_the_larva_is_still_inside" target="_blank"><img decoding="async" loading="lazy" class="alignright  wp-image-883" style="border: 0px;" title="Más información" alt="INFO-2-bellota" src="http://www2.montes.upm.es/ArboretoMontes/wp-content/uploads/2014/10/INFO-2-bellota1.jpg" width="600" height="80" srcset="https://www2.montes.upm.es/ArboretoMontes/wp-content/uploads/2014/10/INFO-2-bellota1.jpg 750w, https://www2.montes.upm.es/ArboretoMontes/wp-content/uploads/2014/10/INFO-2-bellota1-300x40.jpg 300w" sizes="(max-width: 600px) 100vw, 600px" /></a></p>
<p style="text-align: justify;"><span style="color: #808000; font-family: verdana, geneva;"><strong> <a href="http://www.revistaecosistemas.net/index.php/ecosistemas/article/viewFile/368/357" target="_blank"><img decoding="async" loading="lazy" class="alignright  wp-image-882" style="border: 0px;" title="Más información" alt="INFO-2-bellota" src="http://www2.montes.upm.es/ArboretoMontes/wp-content/uploads/2014/10/INFO-2-bellota.jpg" width="600" height="80" srcset="https://www2.montes.upm.es/ArboretoMontes/wp-content/uploads/2014/10/INFO-2-bellota.jpg 750w, https://www2.montes.upm.es/ArboretoMontes/wp-content/uploads/2014/10/INFO-2-bellota-300x40.jpg 300w" sizes="(max-width: 600px) 100vw, 600px" /></a></strong></span></p>

<p>Una curiosa interacción en la regeneración de los bosques de robles El Hayedo de Montejo, en la provincia de Madrid, es un bosque mixto bien conservado [&#8230;]</p>
