{"id":680,"date":"2014-10-27T14:15:01","date_gmt":"2014-10-27T13:15:01","guid":{"rendered":"http:\/\/www2.montes.upm.es\/ArboretoMontes\/?page_id=680"},"modified":"2014-11-24T17:02:42","modified_gmt":"2014-11-24T16:02:42","slug":"las-sedes-de-la-escuela","status":"publish","type":"page","link":"https:\/\/www2.montes.upm.es\/ArboretoMontes\/index.php\/las-sedes-de-la-escuela\/","title":{"rendered":"Las sedes de la Escuela"},"content":{"rendered":"<p style=\"text-align: center;\"><strong><span style=\"font-family: 'book antiqua', palatino; font-size: x-large; color: #3366ff;\"><img decoding=\"async\" loading=\"lazy\" class=\"aligncenter size-full wp-image-1144\" style=\"border: 0px;\" alt=\"Cabez-HIST-SEDES\" src=\"http:\/\/www2.montes.upm.es\/ArboretoMontes\/wp-content\/uploads\/2014\/10\/Cabez-HIST-SEDES.jpg\" width=\"1000\" height=\"204\" srcset=\"https:\/\/www2.montes.upm.es\/ArboretoMontes\/wp-content\/uploads\/2014\/10\/Cabez-HIST-SEDES.jpg 1000w, https:\/\/www2.montes.upm.es\/ArboretoMontes\/wp-content\/uploads\/2014\/10\/Cabez-HIST-SEDES-300x61.jpg 300w\" sizes=\"(max-width: 1000px) 100vw, 1000px\" \/><\/span><\/strong><\/p>\n<p><strong><span style=\"font-family: verdana, geneva; font-size: large; color: #c0d695;\">LA ESCUELA DE MONTES Y SUS ARBORETOS<\/span><\/strong><\/p>\n<p style=\"text-align: justify;\"><span style=\"font-family: verdana, geneva; font-size: small;\">Desde el principio de su existencia, independientemente de las ubicaciones, la Escuela de Ingenieros de Montes ha estado acompa\u00f1ada de un espacio vegetado para la formaci\u00f3n de los alumnos y la experimentaci\u00f3n.<\/span><\/p>\n<p style=\"text-align: justify;\"><span style=\"font-size: medium;\"><strong><span style=\"font-family: verdana, geneva; color: #c0d695;\">La Escuela Especial de Ingenieros de Montes en Villavicios de Od\u00f3n &#8211; \u201cEl Forestal\u201d<\/span><\/strong><\/span><\/p>\n<figure id=\"attachment_1151\" aria-describedby=\"caption-attachment-1151\" style=\"width: 300px\" class=\"wp-caption alignright\"><img decoding=\"async\" loading=\"lazy\" class=\"size-medium wp-image-1151 \" style=\"border: 0px;\" alt=\"Vista del Palacio-Castillo de Villaviciosa de Od\u00f3n. Foto: Revista Forestal Espa\u00f1ola - FOTOTECA FORESTAL ESPA\u00d1OLA DGB-INIA\" src=\"http:\/\/www2.montes.upm.es\/ArboretoMontes\/wp-content\/uploads\/2014\/10\/sedes-1-300x189.jpg\" width=\"300\" height=\"189\" srcset=\"https:\/\/www2.montes.upm.es\/ArboretoMontes\/wp-content\/uploads\/2014\/10\/sedes-1-300x189.jpg 300w, https:\/\/www2.montes.upm.es\/ArboretoMontes\/wp-content\/uploads\/2014\/10\/sedes-1-195x124.jpg 195w, https:\/\/www2.montes.upm.es\/ArboretoMontes\/wp-content\/uploads\/2014\/10\/sedes-1.jpg 533w\" sizes=\"(max-width: 300px) 100vw, 300px\" \/><figcaption id=\"caption-attachment-1151\" class=\"wp-caption-text\"><span style=\"color: #888888;\"><em><span style=\"font-family: verdana, geneva; font-size: x-small;\">Vista del Palacio-Castillo de Villaviciosa de Od\u00f3n. Foto: Revista Forestal Espa\u00f1ola &#8211; FOTOTECA FORESTAL ESPA\u00d1OLA DGB-INIA<\/span><\/em><\/span><\/figcaption><\/figure>\n<p style=\"text-align: justify;\"><span style=\"font-family: verdana, geneva; font-size: small;\">El a\u00f1o 1848 marca el inicio de las ense\u00f1anzas en la Escuela Especial de Ingenieros de Montes, cuya primera sede ocupar\u00eda el Castillo de Villaviciosa de Od\u00f3n y la finca anexa. En esta Villa se formaron los primeros Ingenieros de Montes y all\u00ed permaneci\u00f3 el centro durante m\u00e1s de 20 a\u00f1os.<\/span><\/p>\n<p style=\"text-align: justify;\"><span style=\"font-family: verdana, geneva; font-size: small;\">La Escuela ten\u00eda entre sus objetivos una formaci\u00f3n eminentemente pr\u00e1ctica, por lo que a partir de 1847 se dedicaron a estos fines los terrenos de alrededor. Entre otros, se utilizaron como terreno de pr\u00e1cticas y experimentaci\u00f3n lo que hoy se conoce por el nombre de \u201cEl Forestal\u201d. Gracias al trabajo de varias promociones de alumnos se fue formando el espacio arbolado que hoy conocemos.\u00a0<\/span><\/p>\n<p>&nbsp;<\/p>\n<figure id=\"attachment_1153\" aria-describedby=\"caption-attachment-1153\" style=\"width: 1000px\" class=\"wp-caption aligncenter\"><img decoding=\"async\" loading=\"lazy\" class=\"size-full wp-image-1153 \" style=\"border: 0px;\" alt=\"Vista actual de \u201cEl Forestal\u201d (Foto: Pedro Cifuentes)  y vista antigua y plano del Campo Forestal de la Escuela de Montes Palacio-Castillo de Villaviciosa de Od\u00f3n. (Foto: Revista Forestal Espa\u00f1ola - FOTOTECA FORESTAL ESPA\u00d1OLA DGB-INIA)\" src=\"http:\/\/www2.montes.upm.es\/ArboretoMontes\/wp-content\/uploads\/2014\/10\/sedes-2.png\" width=\"1000\" height=\"258\" srcset=\"https:\/\/www2.montes.upm.es\/ArboretoMontes\/wp-content\/uploads\/2014\/10\/sedes-2.png 1000w, https:\/\/www2.montes.upm.es\/ArboretoMontes\/wp-content\/uploads\/2014\/10\/sedes-2-300x77.png 300w\" sizes=\"(max-width: 1000px) 100vw, 1000px\" \/><figcaption id=\"caption-attachment-1153\" class=\"wp-caption-text\"><span style=\"color: #888888;\"><em><span style=\"font-family: verdana, geneva; font-size: x-small;\">Vista actual de \u201cEl Forestal\u201d (Foto: Pedro Cifuentes) y vista antigua y plano del Campo Forestal de la Escuela de Montes Palacio-Castillo de Villaviciosa de Od\u00f3n. (Foto: Revista Forestal Espa\u00f1ola &#8211; FOTOTECA FORESTAL ESPA\u00d1OLA DGB-INIA)<\/span><\/em><\/span><\/figcaption><\/figure>\n<p><span style=\"font-size: medium;\"><strong><span style=\"font-family: verdana, geneva; color: #c0d695;\">La Escuela de Ingenieros de Montes en El Escorial \u2013 El Parque de la Casita y el Monte Abantos<\/span><\/strong><\/span><\/p>\n<figure id=\"attachment_1155\" aria-describedby=\"caption-attachment-1155\" style=\"width: 300px\" class=\"wp-caption alignright\"><img decoding=\"async\" loading=\"lazy\" class=\"size-medium wp-image-1155 \" style=\"border: 0px;\" alt=\"Vista de la entrada de la Casa de Oficios. Foto: Revista Forestal Espa\u00f1ola - FOTOTECA FORESTAL ESPA\u00d1OLA DGB-INIA\" src=\"http:\/\/www2.montes.upm.es\/ArboretoMontes\/wp-content\/uploads\/2014\/10\/sedes-3-300x197.jpg\" width=\"300\" height=\"197\" srcset=\"https:\/\/www2.montes.upm.es\/ArboretoMontes\/wp-content\/uploads\/2014\/10\/sedes-3-300x197.jpg 300w, https:\/\/www2.montes.upm.es\/ArboretoMontes\/wp-content\/uploads\/2014\/10\/sedes-3.jpg 869w\" sizes=\"(max-width: 300px) 100vw, 300px\" \/><figcaption id=\"caption-attachment-1155\" class=\"wp-caption-text\"><em><span style=\"font-family: verdana, geneva; font-size: x-small; color: #888888;\">Vista de la entrada de la Casa de Oficios. Foto: Revista Forestal Espa\u00f1ola &#8211; FOTOTECA FORESTAL ESPA\u00d1OLA DGB-INIA<\/span><\/em><\/figcaption><\/figure>\n<p style=\"text-align: justify;\"><span style=\"font-family: verdana, geneva; font-size: small;\">En 1869 se decret\u00f3 el traslado de la Escuela al Real Sitio de San Lorenzo del Escorial, donde permaneci\u00f3 hasta 1914. Uno de los motivos que propici\u00f3 el traslado, no el menos importante, propon\u00eda ubicar el centro en un paraje netamente forestal, con posibilidad de \u201cdotar a la Escuela de jardines y montes de experimentaci\u00f3n y trabajo\u201d.<\/span><\/p>\n<p style=\"text-align: justify;\"><span style=\"font-family: verdana, geneva; font-size: small;\">Para poner en marcha la Escuela, se pusieron a su disposici\u00f3n algunas de las propiedades que hab\u00edan pertenecido a la Corona. En la Casa de Oficios, pr\u00f3xima al Monasterio, se instalaron las aulas, gabinetes y otras dependencias. Para \u201cJard\u00edn forestal\u201d, arboreto y viveros, se destin\u00f3 el parque de la Casita del Infante. Los cuarteles de la Solana y el Romeral fueron el campo de pr\u00e1cticas de los alumnos.<\/span><\/p>\n<p style=\"text-align: justify;\"><span style=\"font-family: verdana, geneva; font-size: small;\">En aquellos a\u00f1os, el monte de \u201cLa Jurisdicci\u00f3n\u201d o monte Abantos estaba pr\u00e1cticamente deforestado tras varios siglos de aprovechamiento desordenado. La Escuela solicit\u00f3 su inclusi\u00f3n en el Cat\u00e1logo de Montes de Utilidad P\u00fablica y hacerse cargo del monte, e inmediatamente proyect\u00f3 su repoblaci\u00f3n. Dicha repoblaci\u00f3n, considerada hoy d\u00eda como un modelo, fue ejecutada fundamentalmente por el alumnado, que de esta manera entraba en contacto con la pr\u00e1ctica forestal mientras se reconstitu\u00eda la masa arbolada y se mejoraban las condiciones ecol\u00f3gicas del entorno.\u00a0<\/span><\/p>\n<figure id=\"attachment_1157\" aria-describedby=\"caption-attachment-1157\" style=\"width: 1000px\" class=\"wp-caption aligncenter\"><img decoding=\"async\" loading=\"lazy\" class=\"size-full wp-image-1157 \" style=\"border: 0px;\" alt=\"Vista actual del monte \u201cLa Jurisdicc\u00f3n\u201d (Pinar de Abantos). Foto: Alicia L\u00f3pez.  El monte antes y despu\u00e9s de iniciar la repoblaci\u00f3n, con la casa forestal de Pataseca reconstruida sobre las ruinas de una antigua venta (Foto: Revista Forestal Espa\u00f1ola - FOTOTECA FORESTAL ESPA\u00d1OLA DGB-INIA)\" src=\"http:\/\/www2.montes.upm.es\/ArboretoMontes\/wp-content\/uploads\/2014\/10\/sedes-4.png\" width=\"1000\" height=\"217\" srcset=\"https:\/\/www2.montes.upm.es\/ArboretoMontes\/wp-content\/uploads\/2014\/10\/sedes-4.png 1000w, https:\/\/www2.montes.upm.es\/ArboretoMontes\/wp-content\/uploads\/2014\/10\/sedes-4-300x65.png 300w\" sizes=\"(max-width: 1000px) 100vw, 1000px\" \/><figcaption id=\"caption-attachment-1157\" class=\"wp-caption-text\"><em><span style=\"font-family: verdana, geneva; font-size: x-small; color: #888888;\">Vista actual del monte \u201cLa Jurisdicc\u00f3n\u201d (Pinar de Abantos). Foto: Alicia L\u00f3pez. El monte antes y despu\u00e9s de iniciar la repoblaci\u00f3n, con la casa forestal de Pataseca reconstruida sobre las ruinas de una antigua venta (Foto: Revista Forestal Espa\u00f1ola &#8211; FOTOTECA FORESTAL ESPA\u00d1OLA DGB-INIA)<\/span><\/em><\/figcaption><\/figure>\n<p style=\"text-align: justify;\"><span style=\"font-size: medium;\"><strong><span style=\"font-family: verdana, geneva; color: #c0d695;\">TRASLADO A LA CIUDAD &#8211; LA ESCUELA DE MONTES SIN ARBORETO<\/span><\/strong><\/span><\/p>\n<p style=\"text-align: justify;\"><span style=\"font-family: verdana, geneva; font-size: small;\">El aislamiento de la Escuela del ambiente universitario de la ciudad, propici\u00f3 su traslado a Madrid en 1914, lo que provoc\u00f3 la divisi\u00f3n del colectivo forestal entre los\u00a0 partidarios de permanecer en El Escorial y salvaguardar la esencia rural de las ense\u00f1anzas y aquellos que abogaban por la incorporaci\u00f3n inmediata de la Escuela a la din\u00e1mica universitaria de la capital.<\/span><\/p>\n<p style=\"text-align: justify;\"><span style=\"font-family: verdana, geneva; font-size: small;\">En la Villa, en un principio fue acogida en la Escuela de Minas e Industriales, pero poco despu\u00e9s se aloj\u00f3 en inmuebles alquilados del entonces relativamente joven barrio de Arg\u00fcelles. Fue una \u00e9poca en la que la Escuela estuvo alojada de forma precaria, en inmuebles\u00a0 en el que a duras penas cab\u00eda el instrumental, los fondos bibliogr\u00e1ficos y los magn\u00edficos muebles que formaban parte de sus herramientas docentes e investigadoras y su patrimonio. Poco despu\u00e9s, en la guerra civil, un incendio arras\u00f3 la mayor parte de su patrimonio.<\/span><\/p>\n<p><span style=\"color: #c0d695; font-size: medium;\"><strong><span style=\"font-family: verdana, geneva;\">La Escuela de Ingenieros de Montes de Ciudad Universitaria y su Arboreto<\/span><\/strong><\/span><\/p>\n<figure id=\"attachment_1160\" aria-describedby=\"caption-attachment-1160\" style=\"width: 300px\" class=\"wp-caption alignright\"><img decoding=\"async\" loading=\"lazy\" class=\"size-medium wp-image-1160 \" style=\"border: 0px;\" alt=\"Vista de la fachada principal y primeras plantaciones  (Foto: Revista \u201cMontes: Publicaci\u00f3n de los Ingenieros de Montes - FOTOTECA FORESTAL ESPA\u00d1OLA DGB-INIA)\" src=\"http:\/\/www2.montes.upm.es\/ArboretoMontes\/wp-content\/uploads\/2014\/10\/sedes-5-300x174.jpg\" width=\"300\" height=\"174\" srcset=\"https:\/\/www2.montes.upm.es\/ArboretoMontes\/wp-content\/uploads\/2014\/10\/sedes-5-300x174.jpg 300w, https:\/\/www2.montes.upm.es\/ArboretoMontes\/wp-content\/uploads\/2014\/10\/sedes-5.jpg 986w\" sizes=\"(max-width: 300px) 100vw, 300px\" \/><figcaption id=\"caption-attachment-1160\" class=\"wp-caption-text\"><span style=\"color: #888888;\"><em><span style=\"font-family: verdana, geneva; font-size: x-small;\">Vista de la fachada principal y primeras plantaciones<\/span><\/em><\/span><br \/><span style=\"color: #888888;\"><em><span style=\"font-family: verdana, geneva; font-size: x-small;\">(Foto: Revista \u201cMontes: Publicaci\u00f3n de los Ingenieros de Montes &#8211; FOTOTECA FORESTAL ESPA\u00d1OLA DGB-INIA)<\/span><\/em><\/span><\/figcaption><\/figure>\n<p style=\"text-align: justify;\"><span style=\"font-family: verdana, geneva; font-size: small;\">Desde 1945, la Escuela forma parte de la Ciudad Universitaria, hoy con el nombre de Escuela T\u00e9cnica Superior de Ingenieros de Montes, Forestal y del Medio Natural. Cuando se decidi\u00f3 construirla en la ubicaci\u00f3n actual, ya se consider\u00f3 necesario incorporar un espacio para un arboreto, que sirviera como apoyo en la formaci\u00f3n de los ingenieros.<\/span><\/p>\n<p><span style=\"font-family: verdana, geneva; font-size: small;\">Basta leer la Memoria del \u201cProyecto de pabellones anejos, servicios generales y parque forestal\u201d de la Escuela Especial de Ingenieros de Montes, redactada por los Arquitectos Luis de Villanueva y Pedro Bidagor para el Ministerio de Educaci\u00f3n Nacional en 1945.<\/span><\/p>\n<figure id=\"attachment_1161\" aria-describedby=\"caption-attachment-1161\" style=\"width: 300px\" class=\"wp-caption alignleft\"><img decoding=\"async\" loading=\"lazy\" class=\"size-medium wp-image-1161 \" style=\"border: 0px;\" alt=\"Vista del ajardinamiento y pajarera (Foto: La Escuela Especial y el Cuerpo de Ingenieros de Montes: los cien primeros a\u00f1os de su existencia 1848-1948 por P\u00edo Garc\u00eda-Escudero y Fern\u00e1ndez de Urrutia - FOTOTECA FORESTAL ESPA\u00d1OLA DGB-INIA)\" src=\"http:\/\/www2.montes.upm.es\/ArboretoMontes\/wp-content\/uploads\/2014\/10\/sedes-6-300x196.jpg\" width=\"300\" height=\"196\" srcset=\"https:\/\/www2.montes.upm.es\/ArboretoMontes\/wp-content\/uploads\/2014\/10\/sedes-6-300x196.jpg 300w, https:\/\/www2.montes.upm.es\/ArboretoMontes\/wp-content\/uploads\/2014\/10\/sedes-6.jpg 873w\" sizes=\"(max-width: 300px) 100vw, 300px\" \/><figcaption id=\"caption-attachment-1161\" class=\"wp-caption-text\"><span style=\"color: #888888; font-size: x-small;\"><em><span style=\"font-family: verdana, geneva;\">Vista del ajardinamiento y pajarera (Foto: La Escuela Especial y el Cuerpo de Ingenieros de Montes: los cien primeros a\u00f1os de su existencia 1848-1948 por P\u00edo Garc\u00eda-Escudero y Fern\u00e1ndez de Urrutia &#8211; FOTOTECA FORESTAL ESPA\u00d1OLA DGB-INIA)<\/span><\/em><\/span><\/figcaption><\/figure>\n<p style=\"text-align: justify;\"><span style=\"font-family: verdana, geneva; font-size: small;\">\u201cTerminado el edificio de la Escuela es necesario completar su instalaci\u00f3n con una serie de servicios complementarios, construir algunos pabellones nuevos y, sobre todo, rodearlo del ambiente apropiado mediante la creaci\u00f3n de un parque que constituya el verdadero laboratorio de la Escuela\u201d.<\/span><\/p>\n<p style=\"text-align: justify;\"><span style=\"font-family: verdana, geneva; line-height: 1.5em; font-size: small;\">Las plantaciones no s\u00f3lo del Arboreto de Montes sino tambi\u00e9n de todos los jardines de la Ciudad Universitaria, estuvo a cargo de Luis Ceballos, Catedr\u00e1tico de Bot\u00e1nica y Geograf\u00eda Bot\u00e1nica de la Escuela y precisamente nacido en El Escorial.<\/span><\/p>\n<figure id=\"attachment_1163\" aria-describedby=\"caption-attachment-1163\" style=\"width: 1000px\" class=\"wp-caption aligncenter\"><img decoding=\"async\" loading=\"lazy\" class=\"size-full wp-image-1163 \" style=\"border: 0px;\" alt=\"Detalle del plano de Villanueva y Bigador (1943) y vista actual de lo representado (Foto: Alicia L\u00f3pez)\" src=\"http:\/\/www2.montes.upm.es\/ArboretoMontes\/wp-content\/uploads\/2014\/10\/sedes-7.jpg\" width=\"1000\" height=\"487\" srcset=\"https:\/\/www2.montes.upm.es\/ArboretoMontes\/wp-content\/uploads\/2014\/10\/sedes-7.jpg 1000w, https:\/\/www2.montes.upm.es\/ArboretoMontes\/wp-content\/uploads\/2014\/10\/sedes-7-300x146.jpg 300w\" sizes=\"(max-width: 1000px) 100vw, 1000px\" \/><figcaption id=\"caption-attachment-1163\" class=\"wp-caption-text\"><span style=\"color: #888888;\"><em><span style=\"font-family: verdana, geneva; font-size: x-small;\">Detalle del plano de Villanueva y Bigador (1943) y vista actual de lo representado (Foto: Alicia L\u00f3pez)<\/span><\/em><\/span><\/figcaption><\/figure>\n<p><a href=\"http:\/\/www.inia.es\/fototeca\" target=\"_blank\"><img decoding=\"async\" loading=\"lazy\" class=\"alignright  wp-image-1167\" style=\"border: 0px;\" alt=\"INFO-sdes2\" src=\"http:\/\/www2.montes.upm.es\/ArboretoMontes\/wp-content\/uploads\/2014\/10\/INFO-sdes2.jpg\" width=\"525\" height=\"70\" srcset=\"https:\/\/www2.montes.upm.es\/ArboretoMontes\/wp-content\/uploads\/2014\/10\/INFO-sdes2.jpg 750w, https:\/\/www2.montes.upm.es\/ArboretoMontes\/wp-content\/uploads\/2014\/10\/INFO-sdes2-300x40.jpg 300w\" sizes=\"(max-width: 525px) 100vw, 525px\" \/><\/a><a href=\"http:\/\/hemerotecadigital.bne.es\/results.vm?q=parent%3A0004968986&amp;s=0&amp;lang=es\" target=\"_blank\"><img decoding=\"async\" loading=\"lazy\" class=\"alignright  wp-image-1166\" style=\"border: 0px;\" alt=\"INFO-sdes1\" src=\"http:\/\/www2.montes.upm.es\/ArboretoMontes\/wp-content\/uploads\/2014\/10\/INFO-sdes1.jpg\" width=\"525\" height=\"70\" srcset=\"https:\/\/www2.montes.upm.es\/ArboretoMontes\/wp-content\/uploads\/2014\/10\/INFO-sdes1.jpg 750w, https:\/\/www2.montes.upm.es\/ArboretoMontes\/wp-content\/uploads\/2014\/10\/INFO-sdes1-300x40.jpg 300w\" sizes=\"(max-width: 525px) 100vw, 525px\" \/><\/a><\/p>\n","protected":false},"excerpt":{"rendered":"<p>LA ESCUELA DE MONTES Y SUS ARBORETOS Desde el principio de su existencia, independientemente de las ubicaciones, la Escuela de Ingenieros de Montes ha estado acompa\u00f1ada [&#8230;]<\/p>\n","protected":false},"author":1,"featured_media":0,"parent":0,"menu_order":0,"comment_status":"closed","ping_status":"closed","template":"nosidebar-page.php","meta":[],"_links":{"self":[{"href":"https:\/\/www2.montes.upm.es\/ArboretoMontes\/index.php\/wp-json\/wp\/v2\/pages\/680"}],"collection":[{"href":"https:\/\/www2.montes.upm.es\/ArboretoMontes\/index.php\/wp-json\/wp\/v2\/pages"}],"about":[{"href":"https:\/\/www2.montes.upm.es\/ArboretoMontes\/index.php\/wp-json\/wp\/v2\/types\/page"}],"author":[{"embeddable":true,"href":"https:\/\/www2.montes.upm.es\/ArboretoMontes\/index.php\/wp-json\/wp\/v2\/users\/1"}],"replies":[{"embeddable":true,"href":"https:\/\/www2.montes.upm.es\/ArboretoMontes\/index.php\/wp-json\/wp\/v2\/comments?post=680"}],"version-history":[{"count":16,"href":"https:\/\/www2.montes.upm.es\/ArboretoMontes\/index.php\/wp-json\/wp\/v2\/pages\/680\/revisions"}],"predecessor-version":[{"id":1168,"href":"https:\/\/www2.montes.upm.es\/ArboretoMontes\/index.php\/wp-json\/wp\/v2\/pages\/680\/revisions\/1168"}],"wp:attachment":[{"href":"https:\/\/www2.montes.upm.es\/ArboretoMontes\/index.php\/wp-json\/wp\/v2\/media?parent=680"}],"curies":[{"name":"wp","href":"https:\/\/api.w.org\/{rel}","templated":true}]}}