{"id":687,"date":"2014-10-27T14:21:36","date_gmt":"2014-10-27T13:21:36","guid":{"rendered":"http:\/\/www2.montes.upm.es\/ArboretoMontes\/?page_id=687"},"modified":"2023-09-10T16:18:13","modified_gmt":"2023-09-10T15:18:13","slug":"ciencia-forestal","status":"publish","type":"page","link":"https:\/\/www2.montes.upm.es\/ArboretoMontes\/index.php\/ciencia-forestal\/","title":{"rendered":"CIENCIA FORESTAL"},"content":{"rendered":"\n<p>El progreso en la gesti\u00f3n del monte es esencial para alcanzar un mejor uso de los recursos naturales y sus efectos influyen de manera directa e indirecta en la vida diaria de los ciudadanos. <\/p>\n\n\n\n<p>En esta web se muestran algunos aspectos de la historia, la actualidad y el futuro de la ciencia y la t\u00e9cnica forestal. Cada apartado\u00a0 expone alguno de los esfuerzos\u00a0 que se llevan a cabo con el fin de conseguir un aprovechamiento racional y sostenible del medio\u00a0<\/p>\n\n\n<div class=\"wp-block-image\">\n<figure class=\"aligncenter size-full\"><a href=\"http:\/\/www2.montes.upm.es\/ArboretoMontes\/wp-content\/uploads\/2014\/10\/abroles-pan.jpg\"><img decoding=\"async\" loading=\"lazy\" width=\"1006\" height=\"306\" src=\"http:\/\/www2.montes.upm.es\/ArboretoMontes\/wp-content\/uploads\/2014\/10\/abroles-pan.jpg\" alt=\"\" class=\"wp-image-689\" srcset=\"https:\/\/www2.montes.upm.es\/ArboretoMontes\/wp-content\/uploads\/2014\/10\/abroles-pan.jpg 1006w, https:\/\/www2.montes.upm.es\/ArboretoMontes\/wp-content\/uploads\/2014\/10\/abroles-pan-300x91.jpg 300w\" sizes=\"(max-width: 1006px) 100vw, 1006px\" \/><\/a><\/figure><\/div>\n\n\n<p>Haciendo click a las figuras podr\u00e1s acceder a los siguientes apartados; Investigaci\u00f3n y t\u00e9cnica forestal, historia forestal y ciencia forestal para ni\u00f1os<\/p>\n\n\n\n<div class=\"wp-block-media-text alignwide has-media-on-the-right is-stacked-on-mobile\" style=\"grid-template-columns:auto 29%\"><div class=\"wp-block-media-text__content\">\n<p class=\"has-text-align-center\">INVESTIGACI\u00d3N Y T\u00c9CNICA FORESTAL<\/p>\n<\/div><figure class=\"wp-block-media-text__media\"><a class=\"http:\/\/www2.montes.upm.es\/ArboretoMontes\/index.php\/investigacion-y-tecnica-forestal\/\" href=\"http:\/\/www2.montes.upm.es\/ArboretoMontes\/index.php\/investigacion-y-tecnica-forestal\/\" rel=\"http:\/\/www2.montes.upm.es\/ArboretoMontes\/index.php\/investigacion-y-tecnica-forestal\/\"><img decoding=\"async\" loading=\"lazy\" width=\"286\" height=\"315\" src=\"http:\/\/www2.montes.upm.es\/ArboretoMontes\/wp-content\/uploads\/2014\/11\/boton-InvTEc.jpg\" alt=\"\" class=\"wp-image-790 size-full\" srcset=\"https:\/\/www2.montes.upm.es\/ArboretoMontes\/wp-content\/uploads\/2014\/11\/boton-InvTEc.jpg 286w, https:\/\/www2.montes.upm.es\/ArboretoMontes\/wp-content\/uploads\/2014\/11\/boton-InvTEc-272x300.jpg 272w\" sizes=\"(max-width: 286px) 100vw, 286px\" \/><\/a><\/figure><\/div>\n\n\n\n<hr class=\"wp-block-separator has-alpha-channel-opacity\"\/>\n\n\n\n<div class=\"wp-block-media-text alignwide has-media-on-the-right is-stacked-on-mobile\" style=\"grid-template-columns:auto 29%\"><div class=\"wp-block-media-text__content\">\n<p class=\"has-text-align-center\">HISTORIA FORESTAL<\/p>\n<\/div><figure class=\"wp-block-media-text__media\"><a href=\"http:\/\/www2.montes.upm.es\/ArboretoMontes\/index.php\/historia-forestal\/\"><img decoding=\"async\" loading=\"lazy\" width=\"286\" height=\"315\" src=\"http:\/\/www2.montes.upm.es\/ArboretoMontes\/wp-content\/uploads\/2014\/11\/boton-Hist.jpg\" alt=\"\" class=\"wp-image-791 size-full\" srcset=\"https:\/\/www2.montes.upm.es\/ArboretoMontes\/wp-content\/uploads\/2014\/11\/boton-Hist.jpg 286w, https:\/\/www2.montes.upm.es\/ArboretoMontes\/wp-content\/uploads\/2014\/11\/boton-Hist-272x300.jpg 272w\" sizes=\"(max-width: 286px) 100vw, 286px\" \/><\/a><\/figure><\/div>\n\n\n\n<hr class=\"wp-block-separator has-alpha-channel-opacity\"\/>\n\n\n\n<div class=\"wp-block-media-text alignwide has-media-on-the-right is-stacked-on-mobile\" style=\"grid-template-columns:auto 29%\"><div class=\"wp-block-media-text__content\">\n<p class=\"has-text-align-center\">CIENCIA FORESTAL PARA NI\u00d1OS<\/p>\n<\/div><figure class=\"wp-block-media-text__media\"><a href=\"http:\/\/www2.montes.upm.es\/ArboretoMontes\/index.php\/ciencia-forestal-para-ninos\/\"><img decoding=\"async\" loading=\"lazy\" width=\"286\" height=\"315\" src=\"http:\/\/www2.montes.upm.es\/ArboretoMontes\/wp-content\/uploads\/2014\/11\/boton-CCninos.jpg\" alt=\"\" class=\"wp-image-789 size-full\" srcset=\"https:\/\/www2.montes.upm.es\/ArboretoMontes\/wp-content\/uploads\/2014\/11\/boton-CCninos.jpg 286w, https:\/\/www2.montes.upm.es\/ArboretoMontes\/wp-content\/uploads\/2014\/11\/boton-CCninos-272x300.jpg 272w\" sizes=\"(max-width: 286px) 100vw, 286px\" \/><\/a><\/figure><\/div>\n","protected":false},"excerpt":{"rendered":"<p>El progreso en la gesti\u00f3n del monte es esencial para alcanzar un mejor uso de los recursos naturales y sus efectos influyen de manera directa e [&#8230;]<\/p>\n","protected":false},"author":1,"featured_media":0,"parent":0,"menu_order":0,"comment_status":"closed","ping_status":"closed","template":"","meta":[],"_links":{"self":[{"href":"https:\/\/www2.montes.upm.es\/ArboretoMontes\/index.php\/wp-json\/wp\/v2\/pages\/687"}],"collection":[{"href":"https:\/\/www2.montes.upm.es\/ArboretoMontes\/index.php\/wp-json\/wp\/v2\/pages"}],"about":[{"href":"https:\/\/www2.montes.upm.es\/ArboretoMontes\/index.php\/wp-json\/wp\/v2\/types\/page"}],"author":[{"embeddable":true,"href":"https:\/\/www2.montes.upm.es\/ArboretoMontes\/index.php\/wp-json\/wp\/v2\/users\/1"}],"replies":[{"embeddable":true,"href":"https:\/\/www2.montes.upm.es\/ArboretoMontes\/index.php\/wp-json\/wp\/v2\/comments?post=687"}],"version-history":[{"count":37,"href":"https:\/\/www2.montes.upm.es\/ArboretoMontes\/index.php\/wp-json\/wp\/v2\/pages\/687\/revisions"}],"predecessor-version":[{"id":1964,"href":"https:\/\/www2.montes.upm.es\/ArboretoMontes\/index.php\/wp-json\/wp\/v2\/pages\/687\/revisions\/1964"}],"wp:attachment":[{"href":"https:\/\/www2.montes.upm.es\/ArboretoMontes\/index.php\/wp-json\/wp\/v2\/media?parent=687"}],"curies":[{"name":"wp","href":"https:\/\/api.w.org\/{rel}","templated":true}]}}