{"id":110,"date":"2022-06-07T06:05:24","date_gmt":"2022-06-07T06:05:24","guid":{"rendered":"https:\/\/www2.montes.upm.es\/Blogs\/futuros\/?page_id=110"},"modified":"2022-06-17T10:38:41","modified_gmt":"2022-06-17T10:38:41","slug":"master-universitario-en-restauracion-de-ecosistemas","status":"publish","type":"page","link":"https:\/\/www2.montes.upm.es\/Blogs\/futuros\/nuestros-master\/master-universitario-en-restauracion-de-ecosistemas\/","title":{"rendered":"M\u00e1ster Universitario en Restauraci\u00f3n de Ecosistemas"},"content":{"rendered":"\n<div class=\"wp-block-media-text alignfull is-stacked-on-mobile is-vertically-aligned-center\"><figure class=\"wp-block-media-text__media\"><img loading=\"lazy\" width=\"1024\" height=\"983\" src=\"https:\/\/www2.montes.upm.es\/Blogs\/futuros\/wp-content\/uploads\/sites\/2\/2022\/06\/Montes_de_Valsain-1024x983.jpg\" alt=\"\" class=\"wp-image-203 size-full\" srcset=\"https:\/\/www2.montes.upm.es\/Blogs\/futuros\/wp-content\/uploads\/sites\/2\/2022\/06\/Montes_de_Valsain-1024x983.jpg 1024w, https:\/\/www2.montes.upm.es\/Blogs\/futuros\/wp-content\/uploads\/sites\/2\/2022\/06\/Montes_de_Valsain-300x288.jpg 300w, https:\/\/www2.montes.upm.es\/Blogs\/futuros\/wp-content\/uploads\/sites\/2\/2022\/06\/Montes_de_Valsain-768x738.jpg 768w, https:\/\/www2.montes.upm.es\/Blogs\/futuros\/wp-content\/uploads\/sites\/2\/2022\/06\/Montes_de_Valsain.jpg 1060w\" sizes=\"(max-width: 1024px) 100vw, 1024px\" \/><\/figure><div class=\"wp-block-media-text__content\">\n<h3 class=\"has-text-align-center has-text-color\" style=\"color:#000000\"><\/h3>\n\n\n\n<p>El<strong>&nbsp;M\u00e1ster Universitario en Restauraci\u00f3n de Ecosistemas (Master\u2019s Degree in Ecosystem Restoration)<\/strong>&nbsp;es un t\u00edtulo oficial de las universidades de Alcal\u00e1 (universidad coordinadora), Complutense, Polit\u00e9cnica y Rey Juan Carlos, todas ellas de la Comunidad de Madrid. Intervienen tambi\u00e9n profesores de varias instituciones y empresas colaboradoras. La red docente impulsora del M\u00e1ster est\u00e1 vinculada a REMEDINAL, una red de grupos de investigaci\u00f3n del medio natural de la Comunidad mencionada.<\/p>\n\n\n\n<p>Consta de 90 cr\u00e9ditos ECTS, 30 de ellos pertenecientes a materias obligatorias y otros 30 a materias optativas. Las Pr\u00e1cticas Externas pueden ser de 9 o 15 ECTS optativos, y el Trabajo Fin de Master ser\u00e1 al menos de 15 ECTS.<\/p>\n\n\n\n<p>Este M\u00e1ster permite elegir una orientaci\u00f3n&nbsp;<strong>Profesionalizante<\/strong>&nbsp;o una orientaci\u00f3n&nbsp;<strong>Investigadora<\/strong>. Esta \u00faltima da opci\u00f3n a realizar la Tesis Doctoral.<\/p>\n\n\n\n<p>La impartici\u00f3n del M\u00e1ster es de car\u00e1cter presencial.<\/p>\n\n\n\n<p>N\u00famero total de plazas ofertadas: 40 &#8211; N\u00famero de plazas ofertadas en la UPM: 9<\/p>\n\n\n\n<p class=\"has-text-align-center has-extra-small-font-size\"><a href=\"https:\/\/www.montes.upm.es\/Estudiantes\/EstudiosTitulaciones\/Master_Oficiales\/Master_Restauracion_Ecosistemas\">M\u00e1s informaci\u00f3n\u2197<\/a><\/p>\n<\/div><\/div>\n","protected":false},"excerpt":{"rendered":"<p>El&nbsp;M\u00e1ster Universitario en Restauraci\u00f3n de Ecosistemas (Master\u2019s Degree in Ecosystem Restoration)&nbsp;es un t\u00edtulo oficial de las universidades de Alcal\u00e1 (universidad<\/p>\n","protected":false},"author":6,"featured_media":0,"parent":60,"menu_order":3,"comment_status":"closed","ping_status":"closed","template":"","meta":[],"_links":{"self":[{"href":"https:\/\/www2.montes.upm.es\/Blogs\/futuros\/wp-json\/wp\/v2\/pages\/110"}],"collection":[{"href":"https:\/\/www2.montes.upm.es\/Blogs\/futuros\/wp-json\/wp\/v2\/pages"}],"about":[{"href":"https:\/\/www2.montes.upm.es\/Blogs\/futuros\/wp-json\/wp\/v2\/types\/page"}],"author":[{"embeddable":true,"href":"https:\/\/www2.montes.upm.es\/Blogs\/futuros\/wp-json\/wp\/v2\/users\/6"}],"replies":[{"embeddable":true,"href":"https:\/\/www2.montes.upm.es\/Blogs\/futuros\/wp-json\/wp\/v2\/comments?post=110"}],"version-history":[{"count":2,"href":"https:\/\/www2.montes.upm.es\/Blogs\/futuros\/wp-json\/wp\/v2\/pages\/110\/revisions"}],"predecessor-version":[{"id":204,"href":"https:\/\/www2.montes.upm.es\/Blogs\/futuros\/wp-json\/wp\/v2\/pages\/110\/revisions\/204"}],"up":[{"embeddable":true,"href":"https:\/\/www2.montes.upm.es\/Blogs\/futuros\/wp-json\/wp\/v2\/pages\/60"}],"wp:attachment":[{"href":"https:\/\/www2.montes.upm.es\/Blogs\/futuros\/wp-json\/wp\/v2\/media?parent=110"}],"curies":[{"name":"wp","href":"https:\/\/api.w.org\/{rel}","templated":true}]}}