{"id":116,"date":"2022-06-07T06:08:53","date_gmt":"2022-06-07T06:08:53","guid":{"rendered":"https:\/\/www2.montes.upm.es\/Blogs\/futuros\/?page_id=116"},"modified":"2022-06-07T17:34:03","modified_gmt":"2022-06-07T17:34:03","slug":"master-universitario-en-economia-circular","status":"publish","type":"page","link":"https:\/\/www2.montes.upm.es\/Blogs\/futuros\/nuestros-master\/master-universitario-en-economia-circular\/","title":{"rendered":"M\u00e1ster Universitario en Econom\u00eda Circular"},"content":{"rendered":"\n<div class=\"wp-block-media-text alignwide is-stacked-on-mobile\"><figure class=\"wp-block-media-text__media\"><img loading=\"lazy\" width=\"362\" height=\"500\" src=\"http:\/\/www2.montes.upm.es\/Blogs\/futuros\/wp-content\/uploads\/sites\/2\/2022\/06\/TecAmbientales2-1.png\" alt=\"\" class=\"wp-image-162 size-full\" srcset=\"https:\/\/www2.montes.upm.es\/Blogs\/futuros\/wp-content\/uploads\/sites\/2\/2022\/06\/TecAmbientales2-1.png 362w, https:\/\/www2.montes.upm.es\/Blogs\/futuros\/wp-content\/uploads\/sites\/2\/2022\/06\/TecAmbientales2-1-217x300.png 217w\" sizes=\"(max-width: 362px) 100vw, 362px\" \/><\/figure><div class=\"wp-block-media-text__content\">\n<p style=\"font-size:16px\">Este M\u00e1ster pretende cubrir la demanda de formaci\u00f3n en materias como contaminaci\u00f3n, biorremediaci\u00f3n, cambio clim\u00e1tico, afectaci\u00f3n a la biodiversidad, ciclos de vida, reciclaje, huella de carbono, huella ambiental, etc., de manera que futuros profesionales de la industria, altos directivos y ejecutivos de empresas y administraciones p\u00fablicas dispongan de los conocimientos y habilidades con los que gestionar la transici\u00f3n de su organizaci\u00f3n hacia una econom\u00eda circular. Este programa tiene como objetivo proporcionar a los profesionales con conocimientos tecnol\u00f3gicos, la comprensi\u00f3n a nivel de sistema y la competencia personal para dise\u00f1ar, evaluar e implementar soluciones transformadoras para el futuro. Se pretende conseguir profesionales con habilidades para adaptarse, innovar y liderar el desarrollo del siglo XXI. La formaci\u00f3n es claramente multidisciplinar y en ella se podr\u00e1 entrar en contacto con dise\u00f1adores, ingenieros, graduados, licenciados, cient\u00edficos de materiales, del medio ambiente y del medio natural, antrop\u00f3logos, soci\u00f3logos, empresarios y todo tipo de profesionales de manera que el futuro titulado sea capaz de potenciar la sostenibilidad como una fuerza transformadora.<\/p>\n<\/div><\/div>\n\n\n\n<div class=\"wp-block-columns alignfull\">\n<div class=\"wp-block-column\"><\/div>\n\n\n\n<div class=\"wp-block-column\" style=\"flex-basis:82%\">\n<p class=\"has-text-align-center has-extra-small-font-size\"><a href=\"https:\/\/www.montes.upm.es\/Estudiantes\/EstudiosTitulaciones\/Master_Oficiales\/M%C3%A1ster%20Universitario%20en%20Econom%C3%ADa%20Circular\" target=\"_blank\" rel=\"noreferrer noopener\">M\u00e1s informaci\u00f3n \u2197<\/a><\/p>\n<\/div>\n<\/div>\n\n\n\n<p><\/p>\n","protected":false},"excerpt":{"rendered":"<p>Este M\u00e1ster pretende cubrir la demanda de formaci\u00f3n en materias como contaminaci\u00f3n, biorremediaci\u00f3n, cambio clim\u00e1tico, afectaci\u00f3n a la biodiversidad, ciclos<\/p>\n","protected":false},"author":6,"featured_media":0,"parent":60,"menu_order":6,"comment_status":"closed","ping_status":"closed","template":"","meta":[],"_links":{"self":[{"href":"https:\/\/www2.montes.upm.es\/Blogs\/futuros\/wp-json\/wp\/v2\/pages\/116"}],"collection":[{"href":"https:\/\/www2.montes.upm.es\/Blogs\/futuros\/wp-json\/wp\/v2\/pages"}],"about":[{"href":"https:\/\/www2.montes.upm.es\/Blogs\/futuros\/wp-json\/wp\/v2\/types\/page"}],"author":[{"embeddable":true,"href":"https:\/\/www2.montes.upm.es\/Blogs\/futuros\/wp-json\/wp\/v2\/users\/6"}],"replies":[{"embeddable":true,"href":"https:\/\/www2.montes.upm.es\/Blogs\/futuros\/wp-json\/wp\/v2\/comments?post=116"}],"version-history":[{"count":6,"href":"https:\/\/www2.montes.upm.es\/Blogs\/futuros\/wp-json\/wp\/v2\/pages\/116\/revisions"}],"predecessor-version":[{"id":178,"href":"https:\/\/www2.montes.upm.es\/Blogs\/futuros\/wp-json\/wp\/v2\/pages\/116\/revisions\/178"}],"up":[{"embeddable":true,"href":"https:\/\/www2.montes.upm.es\/Blogs\/futuros\/wp-json\/wp\/v2\/pages\/60"}],"wp:attachment":[{"href":"https:\/\/www2.montes.upm.es\/Blogs\/futuros\/wp-json\/wp\/v2\/media?parent=116"}],"curies":[{"name":"wp","href":"https:\/\/api.w.org\/{rel}","templated":true}]}}