{"id":103,"date":"2022-10-15T19:13:25","date_gmt":"2022-10-15T19:13:25","guid":{"rendered":"https:\/\/www2.montes.upm.es\/Blogs\/mecir\/?page_id=103"},"modified":"2026-02-05T10:25:39","modified_gmt":"2026-02-05T10:25:39","slug":"informacion-sobre-trabajo-fin-de-master","status":"publish","type":"page","link":"https:\/\/www2.montes.upm.es\/Blogs\/muec\/informacion\/informacion-sobre-trabajo-fin-de-master\/","title":{"rendered":"Informaci\u00f3n sobre Trabajo Fin de M\u00e1ster"},"content":{"rendered":"\n<p>Materia obligatoria del tercer y \u00faltimo semestre del M\u00e1ster en Econom\u00eda Circular, de 15 ECTS. <\/p>\n\n\n\n<p>En dicha asignatura, el alumno debe elaborar de manera individual un proyecto o trabajo integral de sobre Econom\u00eda Circular, de naturaleza profesional, que sintetice e integre las competencias adquiridas en la titulaci\u00f3n. Debe ser presentado y defendido p\u00fablicamente tras la superaci\u00f3n de todos los dem\u00e1s cr\u00e9ditos de la titulaci\u00f3n. <\/p>\n\n\n\n<p>Sus objetivos son:<\/p>\n\n\n\n<ul><li>Sintetizar e integrar competencias adquiridas en las ense\u00f1anzas del M\u00e1ster en Econom\u00eda Circular.<\/li><li>Conocer la naturaleza de los problemas y proponer las soluciones adecuadas.<\/li><li>Desarrollar capacidades de organizaci\u00f3n y planificaci\u00f3n. Es decir, fijar los objetivos del TFM y determinar los medios m\u00e1s adecuados para alcanzarlos.<\/li><li>Mejorar la capacidad de an\u00e1lisis, utilizaci\u00f3n y s\u00edntesis de la informaci\u00f3n.<\/li><li>Adquirir habilidades con diferentes herramientas inform\u00e1ticas.<\/li><li>Potenciar la expresi\u00f3n escrita y la oral.<\/li><li>Adquirir habilidades para el desarrollo y aplicaci\u00f3n, en su caso, de un proyecto de ingenier\u00eda.<\/li><\/ul>\n\n\n\n<p>Para m\u00e1s informaci\u00f3n se recomienda consultar la <a href=\"https:\/\/drive.upm.es\/s\/Kzjc8849wc69kdr\" target=\"_blank\" rel=\"noreferrer noopener\">NORMATIVA PARA EL DESARROLLO Y DEFENSA DEL TRABAJO FIN DE M\u00c1STER<\/a>, del M\u00e1ster en Econom\u00eda Circular, aprobada por la Comisi\u00f3n del Trabajo Fin de M\u00e1ster del M\u00e1ster Universitario en Econom\u00eda Circular, y ratificada por la Comisi\u00f3n Mixta de Ordenaci\u00f3n Acad\u00e9mica del programa el 5 de diciembre de 2023, as\u00ed como la normativa general UPM.<\/p>\n\n\n\n<p><\/p>\n\n\n\n<ul><li><a rel=\"noreferrer noopener\" href=\"https:\/\/drive.upm.es\/s\/oD3GHe3YrAvOVZE\" data-type=\"URL\" target=\"_blank\">Calendario del Trabajo<\/a><a rel=\"noreferrer noopener\" href=\"https:\/\/drive.upm.es\/s\/oD3GHe3YrAvOVZE\" target=\"_blank\"> Fin de <\/a><a rel=\"noreferrer noopener\" href=\"https:\/\/drive.upm.es\/s\/lztZsWqlTyOQBkI\" target=\"_blank\">M\u00e1ster<\/a><\/li><li><a href=\"https:\/\/drive.upm.es\/s\/yVSUkiERaKYEENE\">Solicitud de realizaci\u00f3n del Trabajo Fin de M\u00e1ster<\/a><\/li><li><a href=\"https:\/\/drive.upm.es\/s\/yTBJN8DyvEHeaKr\">Solicitud de defensa del Trabajo Fin de M\u00e1ster<\/a><\/li><li><a href=\"https:\/\/drive.upm.es\/s\/8WhoVdbQatciowd\">Memoria de seguimiento del Trabajo Fin de M\u00e1ster<\/a><\/li><li><a href=\"https:\/\/drive.upm.es\/s\/k1uXQlPMfxBLHSp\">Informe del Director del Trabajo Fin de M\u00e1ster<\/a><\/li><li><a href=\"https:\/\/drive.upm.es\/s\/rarGdm8z1fOLEP1\">R\u00fabrica de evaluaci\u00f3n del Trabajo Fin de M\u00e1ster<\/a><\/li><li><a href=\"https:\/\/drive.upm.es\/s\/B139kqOlKxeElEy\">Tribunal de evaluaci\u00f3n del Trabajo Fin de M\u00e1ster<\/a><\/li><\/ul>\n\n\n\n<p><\/p>\n","protected":false},"excerpt":{"rendered":"<p>Materia obligatoria del tercer y \u00faltimo semestre del M\u00e1ster en Econom\u00eda Circular, de 15 ECTS. En dicha asignatura, el alumno<\/p>\n","protected":false},"author":6,"featured_media":0,"parent":10,"menu_order":4,"comment_status":"closed","ping_status":"closed","template":"","meta":[],"_links":{"self":[{"href":"https:\/\/www2.montes.upm.es\/Blogs\/muec\/wp-json\/wp\/v2\/pages\/103"}],"collection":[{"href":"https:\/\/www2.montes.upm.es\/Blogs\/muec\/wp-json\/wp\/v2\/pages"}],"about":[{"href":"https:\/\/www2.montes.upm.es\/Blogs\/muec\/wp-json\/wp\/v2\/types\/page"}],"author":[{"embeddable":true,"href":"https:\/\/www2.montes.upm.es\/Blogs\/muec\/wp-json\/wp\/v2\/users\/6"}],"replies":[{"embeddable":true,"href":"https:\/\/www2.montes.upm.es\/Blogs\/muec\/wp-json\/wp\/v2\/comments?post=103"}],"version-history":[{"count":20,"href":"https:\/\/www2.montes.upm.es\/Blogs\/muec\/wp-json\/wp\/v2\/pages\/103\/revisions"}],"predecessor-version":[{"id":708,"href":"https:\/\/www2.montes.upm.es\/Blogs\/muec\/wp-json\/wp\/v2\/pages\/103\/revisions\/708"}],"up":[{"embeddable":true,"href":"https:\/\/www2.montes.upm.es\/Blogs\/muec\/wp-json\/wp\/v2\/pages\/10"}],"wp:attachment":[{"href":"https:\/\/www2.montes.upm.es\/Blogs\/muec\/wp-json\/wp\/v2\/media?parent=103"}],"curies":[{"name":"wp","href":"https:\/\/api.w.org\/{rel}","templated":true}]}}