{"id":59,"date":"2022-07-20T09:53:50","date_gmt":"2022-07-20T09:53:50","guid":{"rendered":"https:\/\/www2.montes.upm.es\/Blogs\/mecir\/?page_id=59"},"modified":"2025-11-17T08:37:14","modified_gmt":"2025-11-17T08:37:14","slug":"asignaturas-y-guias-de-aprendizaje","status":"publish","type":"page","link":"https:\/\/www2.montes.upm.es\/Blogs\/muec\/planificacion-docente\/asignaturas-y-guias-de-aprendizaje\/","title":{"rendered":"Gu\u00edas de Aprendizaje de asignaturas"},"content":{"rendered":"\n<h3><\/h3>\n\n\n\n<figure class=\"wp-block-table is-style-stripes\"><table><tbody><tr><td><strong>SEMESTRE DE PRIMAVERA (S1: ENERO-JUNIO) &#8211; 30 ECTS. COM\u00daN<br><\/strong>Lugar de impartici\u00f3n: ETSI Montes, Forestal y Medio Natural<\/td><\/tr><tr><td><strong>ASIGNATURAS<\/strong><\/td><td class=\"has-text-align-center\" data-align=\"center\"><strong>ECTS<\/strong><\/td><\/tr><tr><td><a href=\"https:\/\/drive.upm.es\/s\/oKzpTJMgzmdiiie\" target=\"_blank\" rel=\"noreferrer noopener\">Marco pol\u00edtico y normativo. Derecho econ\u00f3mico e industrial<\/a><\/td><td class=\"has-text-align-center\" data-align=\"center\">4<\/td><\/tr><tr><td><a href=\"https:\/\/drive.upm.es\/s\/2BA8n8sxXDzbXNE\" target=\"_blank\" rel=\"noreferrer noopener\">Modelos de Econom\u00eda Circular<\/a><\/td><td class=\"has-text-align-center\" data-align=\"center\">3<\/td><\/tr><tr><td><a href=\"https:\/\/drive.upm.es\/s\/pEwsxeea7Fpgf3F\">Dise\u00f1o de productos y servicios circulares: Ecodise\u00f1o<\/a><\/td><td class=\"has-text-align-center\" data-align=\"center\">3<\/td><\/tr><tr><td><a href=\"https:\/\/drive.upm.es\/s\/8k4Acs4oMLaQPBe\" target=\"_blank\" rel=\"noreferrer noopener\">Redes de suministro circulares<\/a><\/td><td class=\"has-text-align-center\" data-align=\"center\">3<\/td><\/tr><tr><td><a href=\"https:\/\/drive.upm.es\/s\/gMD53YayZRJDHys\" target=\"_blank\" rel=\"noreferrer noopener\">Industria 4.0<\/a><\/td><td class=\"has-text-align-center\" data-align=\"center\">2<\/td><\/tr><tr><td><a href=\"https:\/\/drive.upm.es\/s\/RKC9RJkPt6oEN9F\" target=\"_blank\" rel=\"noreferrer noopener\">An\u00e1lisis de proyectos e inversiones ambientales<\/a><\/td><td class=\"has-text-align-center\" data-align=\"center\">3<\/td><\/tr><tr><td><a href=\"https:\/\/drive.upm.es\/s\/LbzLyCbBFd3P2dF\" target=\"_blank\" rel=\"noreferrer noopener\">Marketing y comunicaci\u00f3n<\/a><\/td><td class=\"has-text-align-center\" data-align=\"center\">3<\/td><\/tr><tr><td><a href=\"https:\/\/drive.upm.es\/s\/LP2i8PewjYnWfEB\" target=\"_blank\" rel=\"noreferrer noopener\">Indicadores y m\u00e9trica de la econom\u00eda circular<\/a><a href=\"https:\/\/drive.upm.es\/s\/5MXMEe2or58rTFr\" target=\"_blank\" rel=\"noreferrer noopener\">&nbsp;<\/a><\/td><td class=\"has-text-align-center\" data-align=\"center\">3<\/td><\/tr><tr><td><a href=\"https:\/\/drive.upm.es\/s\/4Jyay3Sd3JXzqd5\" target=\"_blank\" rel=\"noreferrer noopener\">Big data y tratamiento de datos<\/a><\/td><td class=\"has-text-align-center\" data-align=\"center\">3<\/td><\/tr><tr><td><a href=\"https:\/\/drive.upm.es\/s\/g4dMB9kR6RT2P3g\" target=\"_blank\" rel=\"noreferrer noopener\">Ciclo de vida de productos y servicios&nbsp;<\/a><\/td><td class=\"has-text-align-center\" data-align=\"center\">3<\/td><\/tr><\/tbody><\/table><\/figure>\n\n\n\n<figure class=\"wp-block-table is-style-stripes\"><table><tbody><tr><td><strong>SEMESTRE DE OTO\u00d1O (S2- SEPTIEMBRE-ENERO) &nbsp;&#8211; 30 ECTS. ESPECIALIDAD EN CONSUMO Y GESTI\u00d3N SOSTENIBLE DEL CAPITAL NATURAL<br><\/strong>Lugar de impartici\u00f3n: ETSI Montes, Forestal y del Medio Natural<\/td><\/tr><tr><td><strong>ASIGNATURAS<\/strong><\/td><td class=\"has-text-align-center\" data-align=\"center\"><strong>ECTS<\/strong><\/td><\/tr><tr><td><a rel=\"noreferrer noopener\" href=\"https:\/\/www.dropbox.com\/scl\/fi\/zyzyhi96fi3tr40t1y4kz\/GA_13AC_133000191_1S_2024-25.pdf?rlkey=kyd2itdniqp8vd6u8mxbj9nqa&amp;dl=0\" target=\"_blank\">Gesti\u00f3n de residuos y ma<\/a><a href=\"https:\/\/drive.upm.es\/s\/Fw2i5o3morKrKqJ\" target=\"_blank\" rel=\"noreferrer noopener\">terias primas secundarias<\/a><\/td><td class=\"has-text-align-center\" data-align=\"center\">4<\/td><\/tr><tr><td><a href=\"https:\/\/drive.upm.es\/s\/er8pYxzZTaf36Jg\" target=\"_blank\" rel=\"noreferrer noopener\">Reutilizaci\u00f3n de aguas<\/a><\/td><td class=\"has-text-align-center\" data-align=\"center\">3<\/td><\/tr><tr><td><a href=\"https:\/\/drive.upm.es\/s\/Pk7gZ27FJxbdoxC\" data-type=\"URL\" target=\"_blank\" rel=\"noreferrer noopener\">Contaminaci\u00f3n y biorremediaci\u00f3n<\/a><\/td><td class=\"has-text-align-center\" data-align=\"center\">3<\/td><\/tr><tr><td><a href=\"https:\/\/drive.upm.es\/s\/WXpBPKqfbzd6BEp\" target=\"_blank\" rel=\"noreferrer noopener\">Gesti\u00f3n sostenible del capital natural&nbsp;<\/a><\/td><td class=\"has-text-align-center\" data-align=\"center\">3<\/td><\/tr><tr><td><a href=\"https:\/\/drive.upm.es\/s\/RWM358Fa5kRi3bf\" target=\"_blank\" rel=\"noreferrer noopener\">Restauraci\u00f3n ambiental&nbsp;<\/a><\/td><td class=\"has-text-align-center\" data-align=\"center\">3<\/td><\/tr><tr><td><a href=\"https:\/\/drive.upm.es\/s\/2bLjeYnN7zDQPEc\" target=\"_blank\" rel=\"noreferrer noopener\">Conservaci\u00f3n de la biodiversidad<\/a><\/td><td class=\"has-text-align-center\" data-align=\"center\">3<\/td><\/tr><tr><td><a href=\"https:\/\/drive.upm.es\/s\/gxsDLjmRaJZzoRQ\" target=\"_blank\" rel=\"noreferrer noopener\">Mecanismos financieros de adaptaci\u00f3n al cambio clim\u00e1tico<\/a><\/td><td class=\"has-text-align-center\" data-align=\"center\">3<\/td><\/tr><tr><td><a rel=\"noreferrer noopener\" href=\"https:\/\/drive.upm.es\/s\/qdRqSq3QowQw4iM\" target=\"_blank\">Instrumentos y herramientas para el control del cambio clim\u00e1tico&nbsp;<\/a><\/td><td class=\"has-text-align-center\" data-align=\"center\">4<\/td><\/tr><tr><td><a href=\"https:\/\/drive.upm.es\/s\/HDfoYR3Dmfko35k\" target=\"_blank\" rel=\"noreferrer noopener\">Energ\u00eda, recursos naturales y cambio clim\u00e1tico<\/a><\/td><td class=\"has-text-align-center\" data-align=\"center\">4<\/td><\/tr><\/tbody><\/table><\/figure>\n\n\n\n<figure class=\"wp-block-table is-style-stripes\"><table><tbody><tr><td><strong>SEMESTRE DE OTO\u00d1O (S2- SEPTIEMBRE-ENERO) &#8211; 30 ECTS. ESPECIALIDAD EN MINERALES Y PRODUCTOS DE CONSTRUCCI\u00d3N (ingl\u00e9s)<br><\/strong>Lugar de impartici\u00f3n: ETSI Agron\u00f3mica, Alimentar\u00eda y de Biosistemas<\/td><\/tr><tr><td><strong>ASIGNATURAS<\/strong><\/td><td class=\"has-text-align-center\" data-align=\"center\"><strong>ECTS<\/strong><\/td><\/tr><tr><td><a href=\"https:\/\/drive.upm.es\/s\/Q2jXGN7nLsp6PXw\" target=\"_blank\" rel=\"noreferrer noopener\">Fundamentals of urban mining&nbsp;<\/a><\/td><td class=\"has-text-align-center\" data-align=\"center\">4<\/td><\/tr><tr><td><a href=\"https:\/\/drive.upm.es\/s\/4wxbHjoamg5HbQr\" target=\"_blank\" rel=\"noreferrer noopener\">Energy efficiency in industrial processes<\/a><\/td><td class=\"has-text-align-center\" data-align=\"center\">3<\/td><\/tr><tr><td><a href=\"https:\/\/drive.upm.es\/s\/C7ePnTYXcXJDwZ5\" target=\"_blank\" rel=\"noreferrer noopener\">Alternative energy in industrial processes<\/a><\/td><td class=\"has-text-align-center\" data-align=\"center\">3<\/td><\/tr><tr><td><a href=\"https:\/\/www.dropbox.com\/scl\/fi\/dwc8xefcti0s2z295b0rr\/GA_13AC_133000203_1S_2024-25.pdf?rlkey=52i0v4hmt40i4ch68e1teazfy&amp;dl=0\">W<\/a><a href=\"https:\/\/drive.upm.es\/s\/PCeptYFRRJzRQ7C\" target=\"_blank\" rel=\"noreferrer noopener\">ater resource recovery in minerals and construction products<\/a><\/td><td class=\"has-text-align-center\" data-align=\"center\">2<\/td><\/tr><tr><td><a href=\"https:\/\/drive.upm.es\/s\/dytg8DdM4c2onQR\" target=\"_blank\" rel=\"noreferrer noopener\">Recycled Materials For Sustainable Building Construction<\/a><\/td><td class=\"has-text-align-center\" data-align=\"center\">4<\/td><\/tr><tr><td><a href=\"https:\/\/drive.upm.es\/s\/b3pPARMkAZFanyt\" target=\"_blank\" rel=\"noreferrer noopener\">Characterization and management of construction products<\/a><\/td><td class=\"has-text-align-center\" data-align=\"center\">4<\/td><\/tr><tr><td><a href=\"https:\/\/drive.upm.es\/s\/pLXXk9G3iM67o3f\" target=\"_blank\" rel=\"noreferrer noopener\">Technology watch<\/a><\/td><td class=\"has-text-align-center\" data-align=\"center\">2<\/td><\/tr><tr><td><a href=\"https:\/\/drive.upm.es\/s\/ywR72HgNa8kRbgD\" target=\"_blank\" rel=\"noreferrer noopener\">Technological innovation and sustainable entrepreneurship&nbsp;<\/a><\/td><td class=\"has-text-align-center\" data-align=\"center\">2<\/td><\/tr><tr><td><a href=\"https:\/\/drive.upm.es\/s\/7FLn4bzyKqzGtEp\" target=\"_blank\" rel=\"noreferrer noopener\">Training for the professional digital competence&nbsp;<\/a><\/td><td class=\"has-text-align-center\" data-align=\"center\">6<\/td><\/tr><\/tbody><\/table><\/figure>\n\n\n\n<figure class=\"wp-block-table is-style-stripes\"><table><tbody><tr><td><strong>SEMESTRE PRIMAVERA (S3- ENERO-JUNIO) &#8211; 30 ECTS<\/strong><\/td><td class=\"has-text-align-right\" data-align=\"right\"><\/td><\/tr><tr><td><strong>ASIGNATURAS<\/strong><\/td><td class=\"has-text-align-right\" data-align=\"right\"><strong>ECTS<\/strong><\/td><\/tr><tr><td><a rel=\"noreferrer noopener\" href=\"https:\/\/www.montes.upm.es\/sfs\/montesymedionatural\/OrdenacionAcademica\/TitulosMaster\/Master_Economia_Circular\/Guias_aprendizaje_MUEC\/GA\/CURSO%202022-23\/MUEC_guia_academica_practicas.pdf\" target=\"_blank\">Pr\u00e1cticas externas<\/a> &#8211; ESPA\u00d1OL &#8211; INGL\u00c9S<\/td><td class=\"has-text-align-right\" data-align=\"right\">12<\/td><\/tr><tr><td>Experiencias Circulares &#8211; <a href=\"http:\/\/www2.montes.upm.es\/Blogs\/muec\/wp-content\/uploads\/sites\/4\/2025\/11\/2025-26-GUI\u0301A-EECC-MUEC-ESP_v2.pdf\" target=\"_blank\" rel=\"noreferrer noopener\">ESPA\u00d1OL<\/a> &#8211; <a href=\"http:\/\/www2.montes.upm.es\/Blogs\/muec\/wp-content\/uploads\/sites\/4\/2025\/11\/2025-26-GUI\u0301A-EECC-MUEC-ENG_v2.pdf\" target=\"_blank\" rel=\"noreferrer noopener\">INGL\u00c9S<\/a><\/td><td class=\"has-text-align-right\" data-align=\"right\">3<\/td><\/tr><tr><td>Trabajo Fin de M\u00e1ster (Reglamento) &#8211; <a href=\"https:\/\/upm365-my.sharepoint.com\/:b:\/g\/personal\/justo_gnavarro_upm_es\/EcxY6DjLijdAoSIel5hDvkcBAEW5F7AX5wqON3OUp2xDcw?e=EabrSD\" data-type=\"URL\" data-id=\"https:\/\/upm365-my.sharepoint.com\/:b:\/g\/personal\/justo_gnavarro_upm_es\/EcxY6DjLijdAoSIel5hDvkcBAEW5F7AX5wqON3OUp2xDcw?e=EabrSD\" target=\"_blank\" rel=\"noreferrer noopener\">ESPA\u00d1OL <\/a>&#8211; <a href=\"https:\/\/upm365-my.sharepoint.com\/:b:\/g\/personal\/justo_gnavarro_upm_es\/EeAuuv_HHR9MhCkDUTXKgbUBOsB8xV9DIhJj_bu-ZMS2Pw?e=peQloP\" data-type=\"URL\" data-id=\"https:\/\/upm365-my.sharepoint.com\/:b:\/g\/personal\/justo_gnavarro_upm_es\/EeAuuv_HHR9MhCkDUTXKgbUBOsB8xV9DIhJj_bu-ZMS2Pw?e=peQloP\" target=\"_blank\" rel=\"noreferrer noopener\">INGL\u00c9S<\/a><\/td><td class=\"has-text-align-right\" data-align=\"right\">15<\/td><\/tr><\/tbody><\/table><\/figure>\n\n\n\n<p><\/p>\n","protected":false},"excerpt":{"rendered":"<p>SEMESTRE DE PRIMAVERA (S1: ENERO-JUNIO) &#8211; 30 ECTS. COM\u00daNLugar de impartici\u00f3n: ETSI Montes, Forestal y Medio Natural ASIGNATURAS ECTS Marco<\/p>\n","protected":false},"author":6,"featured_media":0,"parent":15,"menu_order":0,"comment_status":"closed","ping_status":"closed","template":"","meta":[],"_links":{"self":[{"href":"https:\/\/www2.montes.upm.es\/Blogs\/muec\/wp-json\/wp\/v2\/pages\/59"}],"collection":[{"href":"https:\/\/www2.montes.upm.es\/Blogs\/muec\/wp-json\/wp\/v2\/pages"}],"about":[{"href":"https:\/\/www2.montes.upm.es\/Blogs\/muec\/wp-json\/wp\/v2\/types\/page"}],"author":[{"embeddable":true,"href":"https:\/\/www2.montes.upm.es\/Blogs\/muec\/wp-json\/wp\/v2\/users\/6"}],"replies":[{"embeddable":true,"href":"https:\/\/www2.montes.upm.es\/Blogs\/muec\/wp-json\/wp\/v2\/comments?post=59"}],"version-history":[{"count":26,"href":"https:\/\/www2.montes.upm.es\/Blogs\/muec\/wp-json\/wp\/v2\/pages\/59\/revisions"}],"predecessor-version":[{"id":701,"href":"https:\/\/www2.montes.upm.es\/Blogs\/muec\/wp-json\/wp\/v2\/pages\/59\/revisions\/701"}],"up":[{"embeddable":true,"href":"https:\/\/www2.montes.upm.es\/Blogs\/muec\/wp-json\/wp\/v2\/pages\/15"}],"wp:attachment":[{"href":"https:\/\/www2.montes.upm.es\/Blogs\/muec\/wp-json\/wp\/v2\/media?parent=59"}],"curies":[{"name":"wp","href":"https:\/\/api.w.org\/{rel}","templated":true}]}}